{"id":12433,"date":"2019-10-31T09:51:22","date_gmt":"2019-10-31T09:51:22","guid":{"rendered":"https:\/\/elementor.zozothemes.com\/egovenz\/?page_id=12433"},"modified":"2019-10-31T09:51:22","modified_gmt":"2019-10-31T09:51:22","slug":"city-news","status":"publish","type":"page","link":"http:\/\/www.opb.gob.mx\/portal\/?page_id=12433","title":{"rendered":"City News"},"content":{"rendered":"\t\t<div data-elementor-type=\"wp-page\" data-elementor-id=\"12433\" class=\"elementor elementor-12433\" data-elementor-settings=\"[]\">\n\t\t\t\t\t\t<div class=\"elementor-inner\">\n\t\t\t\t\t\t\t<div class=\"elementor-section-wrap\">\n\t\t\t\t\t\t\t<section class=\"elementor-section elementor-top-section elementor-element elementor-element-617656c elementor-section-boxed elementor-section-height-default elementor-section-height-default\" data-id=\"617656c\" data-element_type=\"section\">\n\t\t\t\t\t\t<div class=\"elementor-container elementor-column-gap-default\">\n\t\t\t\t\t\t\t<div class=\"elementor-row\">\n\t\t\t\t\t<div class=\"elementor-column elementor-col-100 elementor-top-column elementor-element elementor-element-cb81745\" data-id=\"cb81745\" data-element_type=\"column\">\n\t\t\t<div class=\"elementor-column-wrap elementor-element-populated\">\n\t\t\t\t\t\t\t<div class=\"elementor-widget-wrap\">\n\t\t\t\t\t\t<section class=\"elementor-section elementor-inner-section elementor-element elementor-element-05762e9 elementor-section-boxed elementor-section-height-default elementor-section-height-default\" data-id=\"05762e9\" data-element_type=\"section\">\n\t\t\t\t\t\t<div class=\"elementor-container elementor-column-gap-default\">\n\t\t\t\t\t\t\t<div class=\"elementor-row\">\n\t\t\t\t\t<div class=\"elementor-column elementor-col-100 elementor-inner-column elementor-element elementor-element-84e94c2\" data-id=\"84e94c2\" data-element_type=\"column\">\n\t\t\t<div class=\"elementor-column-wrap elementor-element-populated\">\n\t\t\t\t\t\t\t<div class=\"elementor-widget-wrap\">\n\t\t\t\t\t\t<div class=\"elementor-element elementor-element-25b1360 elementor-widget elementor-widget-egovenzblog\" data-id=\"25b1360\" data-element_type=\"widget\" data-widget_type=\"egovenzblog.default\">\n\t\t\t\t\r\n\t\t<div class=\"elementor-widget-container blog-wrapper blog-style-modern blog-light blog-normal-model shortcode-rand-1 egovenz-inline-css\" data-css=\"&quot;.shortcode-rand-1.blog-wrapper .blog-inner &gt; *:nth-child(1) { margin-bottom: 30px; }.shortcode-rand-1.blog-wrapper .blog-inner &gt; *:nth-child(2) { margin-bottom: 5px; }.shortcode-rand-1.blog-wrapper .blog-inner &gt; *:nth-child(3) { margin-bottom: 20px; }.shortcode-rand-1.blog-wrapper .blog-inner &gt; *:nth-child(4) { margin-bottom: 20px; }.shortcode-rand-1.blog-wrapper .blog-inner &gt; *:nth-child(5) { margin-bottom: 25px; }&quot;\">\r\n\t\t\r\n\t\t\t<div class=\"row\"><div class=\"col-lg-4 col-md-4\"><div class=\"blog-inner\"><div class=\"post-thumb post-overlay-active\"><img loading=\"lazy\" height=\"700\" width=\"767\" class=\"img-fluid\" alt=\"Impulso al deporte: Ayuntamiento entrega cancha de f\u00fatbol 7 en Ucum.\" src=\"http:\/\/www.opb.gob.mx\/portal\/wp-content\/uploads\/2026\/04\/61af4e13-f7e5-4b45-b9b7-877dab0eb4b5-scaled-767x700.jpeg\"\/><div class=\"post-overlay-items\"><div class=\"post-category\"><span class=\"before-icon ti-folder\"><\/span><a href=\"http:\/\/www.opb.gob.mx\/portal\/?cat=39\">Obras p\u00fablicas<\/a>,<a href=\"http:\/\/www.opb.gob.mx\/portal\/?cat=27\">prensa<\/a><\/div><\/div><\/div><!-- .post-thumb --><div class=\"top-meta clearfix\"><ul class=\"nav top-meta-list meta-left\"><li><div class=\"post-date\"><a href=\"http:\/\/www.opb.gob.mx\/portal\/?m=20260412\" ><i class=\"ti-calendar\"><\/i> 12 abril, 2026<\/a><\/div><\/li><\/ul><\/div><div class=\"entry-title\"><h4 class=\"post-title-head\"><a href=\"http:\/\/www.opb.gob.mx\/portal\/?p=30060\" class=\"post-title\">Impulso al deporte: Ayuntamiento entrega cancha de f\u00fatbol 7 en Ucum.<\/a><\/h4><\/div><!-- .entry-title --><div class=\"bottom-meta clearfix\"><ul class=\"nav bottom-meta-list meta-left\"><li><div class=\"post-more\"><a class=\"read-more\" href=\"http:\/\/www.opb.gob.mx\/portal\/?p=30060\">Read More<\/a><\/div><\/li><\/ul><\/div><\/div><!-- .blog-inner --><\/div><!-- .col \/ .owl-carousel-item \/ .isotope --><div class=\"col-lg-4 col-md-4\"><div class=\"blog-inner\"><div class=\"post-thumb post-overlay-active\"><img loading=\"lazy\" height=\"700\" width=\"767\" class=\"img-fluid\" alt=\"\u00a1Conoce a las ni\u00f1as y los ni\u00f1os que integrar\u00e1n nuestro Cabildo Infantil por un D\u00eda 2026!\ud83d\udc67\ud83c\udffb\ud83d\udc66\ud83c\udffb\" src=\"http:\/\/www.opb.gob.mx\/portal\/wp-content\/uploads\/2026\/04\/8-2-767x700.jpeg\"\/><div class=\"post-overlay-items\"><div class=\"post-category\"><span class=\"before-icon ti-folder\"><\/span><a href=\"http:\/\/www.opb.gob.mx\/portal\/?cat=27\">prensa<\/a><\/div><\/div><\/div><!-- .post-thumb --><div class=\"top-meta clearfix\"><ul class=\"nav top-meta-list meta-left\"><li><div class=\"post-date\"><a href=\"http:\/\/www.opb.gob.mx\/portal\/?m=20260410\" ><i class=\"ti-calendar\"><\/i> 10 abril, 2026<\/a><\/div><\/li><\/ul><\/div><div class=\"entry-title\"><h4 class=\"post-title-head\"><a href=\"http:\/\/www.opb.gob.mx\/portal\/?p=30047\" class=\"post-title\">\u00a1Conoce a las ni\u00f1as y los ni\u00f1os que integrar\u00e1n nuestro Cabildo Infantil por un D\u00eda 2026!\ud83d\udc67\ud83c\udffb\ud83d\udc66\ud83c\udffb<\/a><\/h4><\/div><!-- .entry-title --><div class=\"bottom-meta clearfix\"><ul class=\"nav bottom-meta-list meta-left\"><li><div class=\"post-more\"><a class=\"read-more\" href=\"http:\/\/www.opb.gob.mx\/portal\/?p=30047\">Read More<\/a><\/div><\/li><\/ul><\/div><\/div><!-- .blog-inner --><\/div><!-- .col \/ .owl-carousel-item \/ .isotope --><div class=\"col-lg-4 col-md-4\"><div class=\"blog-inner\"><div class=\"post-thumb post-overlay-active\"><img loading=\"lazy\" height=\"700\" width=\"767\" class=\"img-fluid\" alt=\"Refuerza Yensunni Mart\u00ednez servicios p\u00fablicos con nuevo equipo en operaci\u00f3n.\" src=\"http:\/\/www.opb.gob.mx\/portal\/wp-content\/uploads\/2026\/04\/2-2-767x700.jpeg\"\/><div class=\"post-overlay-items\"><div class=\"post-category\"><span class=\"before-icon ti-folder\"><\/span><a href=\"http:\/\/www.opb.gob.mx\/portal\/?cat=27\">prensa<\/a><\/div><\/div><\/div><!-- .post-thumb --><div class=\"top-meta clearfix\"><ul class=\"nav top-meta-list meta-left\"><li><div class=\"post-date\"><a href=\"http:\/\/www.opb.gob.mx\/portal\/?m=20260410\" ><i class=\"ti-calendar\"><\/i> 10 abril, 2026<\/a><\/div><\/li><\/ul><\/div><div class=\"entry-title\"><h4 class=\"post-title-head\"><a href=\"http:\/\/www.opb.gob.mx\/portal\/?p=30035\" class=\"post-title\">Refuerza Yensunni Mart\u00ednez servicios p\u00fablicos con nuevo equipo en operaci\u00f3n.<\/a><\/h4><\/div><!-- .entry-title --><div class=\"bottom-meta clearfix\"><ul class=\"nav bottom-meta-list meta-left\"><li><div class=\"post-more\"><a class=\"read-more\" href=\"http:\/\/www.opb.gob.mx\/portal\/?p=30035\">Read More<\/a><\/div><\/li><\/ul><\/div><\/div><!-- .blog-inner --><\/div><!-- .col \/ .owl-carousel-item \/ .isotope --><\/div><!-- .row --><div class=\"row\"><div class=\"col-lg-4 col-md-4\"><div class=\"blog-inner\"><div class=\"post-thumb post-overlay-active\"><img loading=\"lazy\" height=\"700\" width=\"767\" class=\"img-fluid\" alt=\"Invita Gobierno Municipal a adoptar y brindar un hogar a animales de compa\u00f1\u00eda rescatados.\" src=\"http:\/\/www.opb.gob.mx\/portal\/wp-content\/uploads\/2026\/04\/IMG_0096-767x700.jpeg\"\/><div class=\"post-overlay-items\"><div class=\"post-category\"><span class=\"before-icon ti-folder\"><\/span><a href=\"http:\/\/www.opb.gob.mx\/portal\/?cat=27\">prensa<\/a><\/div><\/div><\/div><!-- .post-thumb --><div class=\"top-meta clearfix\"><ul class=\"nav top-meta-list meta-left\"><li><div class=\"post-date\"><a href=\"http:\/\/www.opb.gob.mx\/portal\/?m=20260406\" ><i class=\"ti-calendar\"><\/i> 6 abril, 2026<\/a><\/div><\/li><\/ul><\/div><div class=\"entry-title\"><h4 class=\"post-title-head\"><a href=\"http:\/\/www.opb.gob.mx\/portal\/?p=30015\" class=\"post-title\">Invita Gobierno Municipal a adoptar y brindar un hogar a animales de compa\u00f1\u00eda rescatados.<\/a><\/h4><\/div><!-- .entry-title --><div class=\"bottom-meta clearfix\"><ul class=\"nav bottom-meta-list meta-left\"><li><div class=\"post-more\"><a class=\"read-more\" href=\"http:\/\/www.opb.gob.mx\/portal\/?p=30015\">Read More<\/a><\/div><\/li><\/ul><\/div><\/div><!-- .blog-inner --><\/div><!-- .col \/ .owl-carousel-item \/ .isotope --><div class=\"col-lg-4 col-md-4\"><div class=\"blog-inner\"><div class=\"post-thumb post-overlay-active\"><img loading=\"lazy\" height=\"700\" width=\"767\" class=\"img-fluid\" alt=\"Lleva gobierno municipal atenci\u00f3n integral a Fraternidad Antorchista.\" src=\"http:\/\/www.opb.gob.mx\/portal\/wp-content\/uploads\/2026\/04\/IMG_0084-767x700.jpeg\"\/><div class=\"post-overlay-items\"><div class=\"post-category\"><span class=\"before-icon ti-folder\"><\/span><a href=\"http:\/\/www.opb.gob.mx\/portal\/?cat=27\">prensa<\/a><\/div><\/div><\/div><!-- .post-thumb --><div class=\"top-meta clearfix\"><ul class=\"nav top-meta-list meta-left\"><li><div class=\"post-date\"><a href=\"http:\/\/www.opb.gob.mx\/portal\/?m=20260405\" ><i class=\"ti-calendar\"><\/i> 5 abril, 2026<\/a><\/div><\/li><\/ul><\/div><div class=\"entry-title\"><h4 class=\"post-title-head\"><a href=\"http:\/\/www.opb.gob.mx\/portal\/?p=30007\" class=\"post-title\">Lleva gobierno municipal atenci\u00f3n integral a Fraternidad Antorchista.<\/a><\/h4><\/div><!-- .entry-title --><div class=\"bottom-meta clearfix\"><ul class=\"nav bottom-meta-list meta-left\"><li><div class=\"post-more\"><a class=\"read-more\" href=\"http:\/\/www.opb.gob.mx\/portal\/?p=30007\">Read More<\/a><\/div><\/li><\/ul><\/div><\/div><!-- .blog-inner --><\/div><!-- .col \/ .owl-carousel-item \/ .isotope --><div class=\"col-lg-4 col-md-4\"><div class=\"blog-inner\"><div class=\"post-thumb post-overlay-active\"><img loading=\"lazy\" height=\"700\" width=\"767\" class=\"img-fluid\" alt=\"Atiende Ayuntamiento de Oth\u00f3n P. Blanco reporte de \u00e1rbol ca\u00eddo tras lluvias.\" src=\"http:\/\/www.opb.gob.mx\/portal\/wp-content\/uploads\/2026\/04\/IMG_0076-767x700.jpeg\"\/><div class=\"post-overlay-items\"><div class=\"post-category\"><span class=\"before-icon ti-folder\"><\/span><a href=\"http:\/\/www.opb.gob.mx\/portal\/?cat=27\">prensa<\/a><\/div><\/div><\/div><!-- .post-thumb --><div class=\"top-meta clearfix\"><ul class=\"nav top-meta-list meta-left\"><li><div class=\"post-date\"><a href=\"http:\/\/www.opb.gob.mx\/portal\/?m=20260402\" ><i class=\"ti-calendar\"><\/i> 2 abril, 2026<\/a><\/div><\/li><\/ul><\/div><div class=\"entry-title\"><h4 class=\"post-title-head\"><a href=\"http:\/\/www.opb.gob.mx\/portal\/?p=30000\" class=\"post-title\">Atiende Ayuntamiento de Oth\u00f3n P. Blanco reporte de \u00e1rbol ca\u00eddo tras lluvias.<\/a><\/h4><\/div><!-- .entry-title --><div class=\"bottom-meta clearfix\"><ul class=\"nav bottom-meta-list meta-left\"><li><div class=\"post-more\"><a class=\"read-more\" href=\"http:\/\/www.opb.gob.mx\/portal\/?p=30000\">Read More<\/a><\/div><\/li><\/ul><\/div><\/div><!-- .blog-inner --><\/div><!-- .col \/ .owl-carousel-item \/ .isotope --><\/div><!-- .row --><div class=\"post-pagination-wrap\"><ul class=\"nav pagination post-pagination justify-content-center\"><li class=\"nav-item active\"><span class=\"active\">01<\/span><\/li><li class=\"nav-item\"><a href=\"http:\/\/www.opb.gob.mx\/portal\/index.php?rest_route=%2Fwp%2Fv2%2Fpages%2F12433&#038;paged=2\">02<\/a><\/li><li class=\"nav-item\"><a href=\"http:\/\/www.opb.gob.mx\/portal\/index.php?rest_route=%2Fwp%2Fv2%2Fpages%2F12433&#038;paged=3\">03<\/a><\/li><li class=\"nav-item\"><a href=\"http:\/\/www.opb.gob.mx\/portal\/index.php?rest_route=%2Fwp%2Fv2%2Fpages%2F12433&#038;paged=4\">04<\/a><\/li><li class=\"nav-item\"><a href=\"http:\/\/www.opb.gob.mx\/portal\/index.php?rest_route=%2Fwp%2Fv2%2Fpages%2F12433&#038;paged=2\" class=\"next-page\" title=\"next\">Next<\/a><\/li><li class=\"nav-item next\"><a href=\"http:\/\/www.opb.gob.mx\/portal\/index.php?rest_route=%2Fwp%2Fv2%2Fpages%2F12433&#038;paged=155\" title=\"Last\">Last<\/a><\/li><\/ul><\/div>\t\t\t\r\n\t\t<\/div>\r\n\t\t\t\t<\/div>\n\t\t\t\t\t\t<\/div>\n\t\t\t\t\t<\/div>\n\t\t<\/div>\n\t\t\t\t\t\t\t\t<\/div>\n\t\t\t\t\t<\/div>\n\t\t<\/section>\n\t\t\t\t\t\t<\/div>\n\t\t\t\t\t<\/div>\n\t\t<\/div>\n\t\t\t\t\t\t\t\t<\/div>\n\t\t\t\t\t<\/div>\n\t\t<\/section>\n\t\t\t\t\t\t<\/div>\n\t\t\t\t\t\t<\/div>\n\t\t\t\t\t<\/div>\n\t\t","protected":false},"excerpt":{"rendered":"<p>Notices 08 Nov 2019 Summer Rock Festival Tickets on Sale! Read More Notices 08 Nov 2019 Upcoming Meetings in Our Town Read More Notices 08 Nov 2019 Traffic Safety Notice of Egovenz Read More Notices 08 Nov 2019 Soccer Tournament Timetable Read More Notices 08 Nov 2019 Annual Marathon Registration Read More Notices 25 Oct<\/p>\n","protected":false},"author":1,"featured_media":0,"parent":0,"menu_order":0,"comment_status":"closed","ping_status":"closed","template":"","meta":[],"_links":{"self":[{"href":"http:\/\/www.opb.gob.mx\/portal\/index.php?rest_route=\/wp\/v2\/pages\/12433"}],"collection":[{"href":"http:\/\/www.opb.gob.mx\/portal\/index.php?rest_route=\/wp\/v2\/pages"}],"about":[{"href":"http:\/\/www.opb.gob.mx\/portal\/index.php?rest_route=\/wp\/v2\/types\/page"}],"author":[{"embeddable":true,"href":"http:\/\/www.opb.gob.mx\/portal\/index.php?rest_route=\/wp\/v2\/users\/1"}],"replies":[{"embeddable":true,"href":"http:\/\/www.opb.gob.mx\/portal\/index.php?rest_route=%2Fwp%2Fv2%2Fcomments&post=12433"}],"version-history":[{"count":0,"href":"http:\/\/www.opb.gob.mx\/portal\/index.php?rest_route=\/wp\/v2\/pages\/12433\/revisions"}],"wp:attachment":[{"href":"http:\/\/www.opb.gob.mx\/portal\/index.php?rest_route=%2Fwp%2Fv2%2Fmedia&parent=12433"}],"curies":[{"name":"wp","href":"https:\/\/api.w.org\/{rel}","templated":true}]}}