{"id":15629,"date":"2020-09-29T17:04:47","date_gmt":"2020-09-29T17:04:47","guid":{"rendered":"http:\/\/www.opb.gob.mx\/portal\/?page_id=15629"},"modified":"2022-07-08T17:32:27","modified_gmt":"2022-07-08T17:32:27","slug":"catastro","status":"publish","type":"page","link":"http:\/\/www.opb.gob.mx\/portal\/?page_id=15629","title":{"rendered":"Catastro"},"content":{"rendered":"\t\t<div data-elementor-type=\"wp-page\" data-elementor-id=\"15629\" class=\"elementor elementor-15629\" data-elementor-settings=\"[]\">\n\t\t\t\t\t\t<div class=\"elementor-inner\">\n\t\t\t\t\t\t\t<div class=\"elementor-section-wrap\">\n\t\t\t\t\t\t\t<section class=\"elementor-section elementor-top-section elementor-element elementor-element-6540945 elementor-section-boxed elementor-section-height-default elementor-section-height-default\" data-id=\"6540945\" data-element_type=\"section\">\n\t\t\t\t\t\t<div class=\"elementor-container elementor-column-gap-default\">\n\t\t\t\t\t\t\t<div class=\"elementor-row\">\n\t\t\t\t\t<div class=\"elementor-column elementor-col-100 elementor-top-column elementor-element elementor-element-f56446b\" data-id=\"f56446b\" data-element_type=\"column\">\n\t\t\t<div class=\"elementor-column-wrap elementor-element-populated\">\n\t\t\t\t\t\t\t<div class=\"elementor-widget-wrap\">\n\t\t\t\t\t\t<div class=\"elementor-element elementor-element-540536d elementor-widget elementor-widget-html\" data-id=\"540536d\" data-element_type=\"widget\" data-widget_type=\"html.default\">\n\t\t\t\t<div class=\"elementor-widget-container\">\n\t\t\t<meta charset=\"utf-8\">\r\n  <meta name=\"viewport\" content=\"width=device-width, initial-scale=1\">\r\n\r\n  <link rel=\"stylesheet\" href=\"\/\/code.jquery.com\/ui\/1.12.1\/themes\/base\/jquery-ui.css\">\r\n  <link rel=\"stylesheet\" href=\"\/resources\/demos\/style.css\">\r\n  <script src=\"https:\/\/code.jquery.com\/jquery-1.12.4.js\"><\/script>\r\n  <script src=\"https:\/\/code.jquery.com\/ui\/1.12.1\/jquery-ui.js\"><\/script>\r\n  \r\n<script>\r\njQuery(function($){\r\n    $('.et_pb_accordion .et_pb_toggle_open').addClass('et_pb_toggle_close').removeClass('et_pb_toggle_open');\r\n    $('.et_pb_accordion .et_pb_toggle').click(function() {\r\n      $this = $(this);\r\n      setTimeout(function(){\r\n         $this.closest('.et_pb_accordion').removeClass('et_pb_accordion_toggling');\r\n      },700);\r\n    });\r\n});\r\n<\/script>\r\n\r\n  <script>\r\n  $( function() {\r\n    $( \"#accordion_1\" ).accordion({\r\n      collapsible: true,\r\n      active: false\r\n    });\r\n  } );\r\n  <\/script>\r\n    <script>\r\n  $( function() {\r\n    $( \"#accordion_2\" ).accordion({\r\n      collapsible: true,\r\n      active: false\r\n    });\r\n  } );\r\n  <\/script>\r\n    <script>\r\n  $( function() {\r\n    $( \"#accordion_3\" ).accordion({\r\n      collapsible: true,\r\n      active: false\r\n    });\r\n  } );\r\n  <\/script>\r\n    <script>\r\n  $( function() {\r\n    $( \"#accordion_4\" ).accordion({\r\n      collapsible: true,\r\n      active: false\r\n    });\r\n  } );\r\n  <\/script>\r\n    <script>\r\n  $( function() {\r\n    $( \"#accordion_5\" ).accordion({\r\n      collapsible: true,\r\n      active: false\r\n    });\r\n  } );\r\n  <\/script>\r\n    <script>\r\n  $( function() {\r\n    $( \"#accordion_6\" ).accordion({\r\n      collapsible: true,\r\n      active: false\r\n    });\r\n  } );\r\n  <\/script>\r\n    <script>\r\n  $( function() {\r\n    $( \"#accordion_7\" ).accordion({\r\n      collapsible: true,\r\n      active: false\r\n    });\r\n  } );\r\n  <\/script>\r\n    <script>\r\n  $( function() {\r\n    $( \"#accordion_8\" ).accordion({\r\n      collapsible: true,\r\n      active: false\r\n    });\r\n  } );\r\n  <\/script>\r\n  <script>\r\n  $( function() {\r\n    $( \"#accordion_9\" ).accordion({\r\n      collapsible: true,\r\n      active: false\r\n    });\r\n  } );\r\n  <\/script>\r\n  <script>\r\n  $( function() {\r\n    $( \"#accordion_10\" ).accordion({\r\n      collapsible: true,\r\n      active: false\r\n    });\r\n  } );\r\n  <\/script>\r\n  <script>\r\n  $( function() {\r\n    $( \"#accordion_11\" ).accordion({\r\n      collapsible: true,\r\n      active: false\r\n    });\r\n  } );\r\n  <\/script>\r\n  <script>\r\n  $( function() {\r\n    $( \"#accordion_12\" ).accordion({\r\n      collapsible: true,\r\n      active: false\r\n    });\r\n  } );\r\n  <\/script>\r\n  <script>\r\n  $( function() {\r\n    $( \"#accordion_13\" ).accordion({\r\n      collapsible: true,\r\n      active: false\r\n    });\r\n  } );\r\n  <\/script>\r\n  <script>\r\n  $( function() {\r\n    $( \"#accordion_14\" ).accordion({\r\n      collapsible: true,\r\n      active: false\r\n    });\r\n  } );\r\n  <\/script>\r\n    <script>\r\n  $( function() {\r\n    $( \"#accordion_15\" ).accordion({\r\n      collapsible: true,\r\n      active: false\r\n    });\r\n  } );\r\n  <\/script>\r\n    <script>\r\n  $( function() {\r\n    $( \"#accordion_16\" ).accordion({\r\n      collapsible: true,\r\n      active: false\r\n    });\r\n  } );\r\n  <\/script>\r\n    <script>\r\n  $( function() {\r\n    $( \"#accordion_17\" ).accordion({\r\n      collapsible: true,\r\n      active: false\r\n    });\r\n  } );\r\n  <\/script>\r\n    <script>\r\n  $( function() {\r\n    $( \"#accordion_18\" ).accordion({\r\n      collapsible: true,\r\n      active: false\r\n    });\r\n  } );\r\n  <\/script>\r\n    <script>\r\n  $( function() {\r\n    $( \"#accordion_19\" ).accordion({\r\n      collapsible: true,\r\n      active: false\r\n    });\r\n  } );\r\n  <\/script>\r\n    <script>\r\n  $( function() {\r\n    $( \"#accordion_20\" ).accordion({\r\n      collapsible: true,\r\n      active: false\r\n    });\r\n  } );\r\n  <\/script>\r\n    <script>\r\n  $( function() {\r\n    $( \"#accordion_21\" ).accordion({\r\n      collapsible: true,\r\n      active: false\r\n    });\r\n  } );\r\n  <\/script>\r\n      <script>\r\n  $( function() {\r\n    $( \"#accordion_22\" ).accordion({\r\n      collapsible: true,\r\n      active: false\r\n    });\r\n  } );\r\n  <\/script>\r\n      <script>\r\n  $( function() {\r\n    $( \"#accordion_23\" ).accordion({\r\n      collapsible: true,\r\n      active: false\r\n    });\r\n  } );\r\n  <\/script>\r\n      <script>\r\n  $( function() {\r\n    $( \"#accordion_24\" ).accordion({\r\n      collapsible: true,\r\n      active: false\r\n    });\r\n  } );\r\n  <\/script>\r\n      <script>\r\n  $( function() {\r\n    $( \"#accordion_25\" ).accordion({\r\n      collapsible: true,\r\n      active: false\r\n    });\r\n  } );\r\n  <\/script>\r\n      <script>\r\n  $( function() {\r\n    $( \"#accordion_26\" ).accordion({\r\n      collapsible: true,\r\n      active: false\r\n    });\r\n  } );\r\n  <\/script>\r\n      <script>\r\n  $( function() {\r\n    $( \"#accordion_27\" ).accordion({\r\n      collapsible: true,\r\n      active: false\r\n    });\r\n  } );\r\n  <\/script>\r\n      <script>\r\n  $( function() {\r\n    $( \"#accordion_28\" ).accordion({\r\n      collapsible: true,\r\n      active: false\r\n    });\r\n  } );\r\n  <\/script>\r\n      <script>\r\n  $( function() {\r\n    $( \"#accordion_29\" ).accordion({\r\n      collapsible: true,\r\n      active: false\r\n    });\r\n  } );\r\n  <\/script>\r\n      <script>\r\n  $( function() {\r\n    $( \"#accordion_30\" ).accordion({\r\n      collapsible: true,\r\n      active: false\r\n    });\r\n  } );\r\n  <\/script>\r\n\r\n    \r\n<\/head>\r\n<body>\r\n \r\n<div id=\"accordion_1\" >\r\n  <h3>C\u00c9DULA CATASTRAL Y CAMBIO DE PROPIETARIO<\/h3>\r\n  <div text-align:center; >\r\n    <table class=\"table table-hover\">\r\n  <thead>\r\n    <tr>\r\n      <th class=\"table-info\" scope=\"col\">Informaci\u00f3n<\/th>\r\n      <th class=\"table-info\" scope=\"col\">Descripci\u00f3n<\/th>\r\n    <\/tr>\r\n  <\/thead>\r\n  <tbody>\r\n\r\n    <tr>\r\n      <th scope=\"row\">Lugar<\/th>\r\n      <td> Edificio anexo a Palacio Municipal, acceso sobre el andador ubicado entre Palacio Municipal y el Parque de la Alameda \u201cGral. L\u00e1zaro C\u00e1rdenas del R\u00edo\u201d.<\/td>\r\n  \r\n    <\/tr>\r\n    <tr>\r\n      <th scope=\"row\">Modalidad:<\/th>\r\n      <td> Presencia, por turno; v\u00eda electr\u00f3nica.<\/td>\r\n    <\/tr>\r\n    <tr>\r\n      <th scope=\"row\">Tiempo Aproximado:<\/th>\r\n      <td><\/td>\r\n    <\/tr>\r\n    <tr>\r\n      <th scope=\"row\">D\u00edas y horario de atenci\u00f3n:<\/th>\r\n      <td>de Lunes a Viernes;\r\n<ul><li>Informaci\u00f3n y recepci\u00f3n de documentos: de 9:00 a 14:00 Hrs<\/li>\r\n<li>Entrega de tr\u00e1mites finalizados: de 14:00 a 16:00 Hrs.<\/li>\r\n<\/ul>\r\n<\/td>\r\n    <\/tr>\r\n    <tr>\r\n      <th scope=\"row\">Requisitos:<\/th>\r\n      <td><ul><li>1.- Solicitud del tr\u00e1mite correspondiente a realizar dirigido a la Directora MVI. Alma P, Gonz\u00e1lez Concha, es importante manifestar su n\u00famero de contacto, correo electr\u00f3nico y domicilio.<\/li>\r\n<li>2.- Copia de cualquier documento que acredite la propiedad: \r\nT\u00edtulo de propiedad, escritura p\u00fablica, contrato de compra venta notarial debidamente inscrita en el registro p\u00fablico de la propiedad, anexar sello, boleta de registro o folio digitalizado.\r\nOrden de ocupaci\u00f3n o contrato de compraventa expedida por SEDETUS (antes INIQROO), AGEPRO (antes IPAE), INSUS (antes CORETT) \r\nConstancia de posesi\u00f3n ejidal para poblados; con firma y sello del comisariado ejidal y sello del consejo de vigilancia (especificar dentro de la constancia, ubicaci\u00f3n, superficie de terreno, medidas y colindancias con lote y calles).<\/li>\r\n<li>3.- Copia de identificaci\u00f3n oficial con fotograf\u00eda del propietario, \r\nSi el solicitante no es el propietario deber\u00e1 presentar una carta poder original y\/o copia del poder notarial; anexar copia de las identificaciones (propietario, apoderado y\/o testigos en su caso. <\/li>\r\nCuando el contribuyente sea persona moral deber\u00e1 presentar acta constitutiva e identificaci\u00f3n oficial del apoderado.\r\nNotarias: los gestores requieren presentar su \u00fanico oficio de autorizaci\u00f3n anual expedido por el notario p\u00fablico, anexando \u00fanica copia de identificaci\u00f3n del gestor autorizado (incluir la copia de identificaci\u00f3n del propietario para los tr\u00e1mites a realizar).\r\n<li>4.- En caso de fallecimiento del propietario presentar copia de acta de defunci\u00f3n, as\u00ed misma copia de cualquier de los documentos seg\u00fan sea el caso: <\/li>\r\n<ul><li>\u2713 Hijo(a) acta de nacimiento con identificaci\u00f3n oficial vigente.<\/li>\r\n<li>\u2713 Esposo(a) acta de matrimonio con identificaci\u00f3n oficial vigente<\/li>\r\n<li>\u2713 Escritura de testamento identificaci\u00f3n oficial vigente<\/li>\r\n<li>\u2713 Sentencia de juzgado identificaci\u00f3n oficial vigente.<\/li>\r\n<\/ul>\r\n<li>5.- En caso de contar con alg\u00fan oficio de ratificaci\u00f3n de datos inscritos en el registro p\u00fablico de la propiedad, anexar copia de oficio y boleta de registro.<\/li>\r\n<li>6.- Si el predio no se encuentra ubicado en plano municipal, presentar copia del plano con coordenadas UTM<\/li>\r\n<li>7.- Copia de pago de derecho<\/li>\r\n<\/ul>\r\n<\/td>\r\n    <\/tr>\r\n    <tr>\r\n      <th scope=\"row\">Procedimiento:<\/th>\r\n      <td>\r\n        <ul>\r\n          <li><\/li>\r\n        <\/ul>\r\n      <\/td>\r\n    <\/tr>\r\n    <tr>\r\n      <th scope=\"row\">Costos:<\/th>\r\n      <td><ul><li>  Cedula catastral:   $ 403.29 <\/li>\r\n    <li>Cambio de Propietario: $ 448.10<\/li>\r\n  <\/ul><\/td>\r\n    <\/tr>\r\n    <tr>\r\n      <th scope=\"row\">Marco Legal:<\/th>\r\n      <td>\r\n        <ul>\r\n          <li>C\u00e9dula Catastral: Ley de hacienda del municipio de Oth\u00f3n P. Blanco, art\u00edculo 92 de la fracci\u00f3n IV inciso D (UMA 4.5) <\/li>\r\n          <li>Cambio de propietario: Ley de hacienda del municipio de Oth\u00f3n P. Blanco, art\u00edculo 92 de la fracci\u00f3n IV inciso O (UMA 5.0)<\/li>\r\n        <\/ul>\r\n<\/td>\r\n    <\/tr>\r\n    \r\n  <\/tbody>\r\n<\/table>\r\n<\/div>\r\n<\/div> <!--fin del acordion -->\r\n\r\n<div id=\"accordion_2\" >\r\n  <h3>VERIFICACI\u00d3N DE CONSTRUCCI\u00d3N (SE REQUIERE QUE UN RESPONSABLE PROPORCIONE EL ACCESO AL PREDIO AL MOMENTO DE REALIZAR VERIFICACI\u00d3N F\u00cdSICA <\/h3>\r\n  <div text-align:center; >\r\n    <table class=\"table table-hover\">\r\n  <thead>\r\n    <tr>\r\n      <th class=\"table-info\" scope=\"col\">Informaci\u00f3n<\/th>\r\n      <th class=\"table-info\" scope=\"col\">Descripci\u00f3n<\/th>\r\n    <\/tr>\r\n  <\/thead>\r\n  <tbody>\r\n\r\n    <tr>\r\n      <th scope=\"row\">Lugar<\/th>\r\n      <td> Edificio anexo a Palacio Municipal, acceso sobre el andador ubicado entre Palacio Municipal y el Parque de la Alameda \u201cGral. L\u00e1zaro C\u00e1rdenas del R\u00edo\u201d.<\/td>\r\n  \r\n    <\/tr>\r\n    <tr>\r\n      <th scope=\"row\">Modalidad:<\/th>\r\n      <td> Presencia, por turno; v\u00eda electr\u00f3nica.<\/td>\r\n    <\/tr>\r\n    <tr>\r\n      <th scope=\"row\">Tiempo Aproximado:<\/th>\r\n      <td><\/td>\r\n    <\/tr>\r\n    <tr>\r\n      <th scope=\"row\">D\u00edas y horario de atenci\u00f3n:<\/th>\r\n      <td>de Lunes a Viernes;\r\n<ul><li>Informaci\u00f3n y recepci\u00f3n de documentos: de 9:00 a 14:00 Hrs<\/li>\r\n<li>Entrega de tr\u00e1mites finalizados: de 14:00 a 16:00 Hrs.<\/li>\r\n<\/ul>\r\n<\/td>\r\n    <\/tr>\r\n    <tr>\r\n      <th scope=\"row\">Requisitos:<\/th>\r\n<td>\r\n  <ul>\r\n    <li>1.- Solicitud del tr\u00e1mite correspondiente a realizar dirigido a la Directora MVI. Alma P, Gonz\u00e1lez Concha, es importante manifestar su n\u00famero de contacto, correo electr\u00f3nico y domicilio.<\/li>\r\n    <li>2.- Copia de cualquier documento que acredite la propiedad: <\/li>\r\n    <ul><li>\u2713 T\u00edtulo de propiedad, escritura p\u00fablica, contrato de compra venta notarial debidamente inscrita en el registro p\u00fablico de la propiedad, anexar sello, boleta de registro o folio digitalizado.<\/li><br>\r\n    <li>\u2713 Orden de ocupaci\u00f3n o contrato de compraventa expedida por SEDETUS (antes INIQROO), AGEPRO (antes IPAE), INSUS (antes CORETT) <\/li>\r\n    <li>Constancia de posesi\u00f3n ejidal para poblados; con firma y sello del comisariado ejidal y sello del consejo de vigilancia (especificar dentro de la constancia, ubicaci\u00f3n, superficie de terreno, medidas y colindancias con lote y calles).<\/li><br>\r\n    <li>\u2713 Copia de identificaci\u00f3n oficial con fotograf\u00eda del propietario, si el solicitante no es el propietario deber\u00e1 presentar una carta poder original  y\/o copia del poder notarial; anexar copia de las identificaciones (propietario, apoderado y\/o testigos en su caso.<\/li> <br>\r\n    <li>\u2713 Cuando el contribuyente sea persona moral deber\u00e1 presentar acta constitutiva e identificaci\u00f3n oficial del apoderado.<br>\r\n    <strong>Notarias: <\/strong>los gestores requieren presentar su \u00fanico oficio de autorizaci\u00f3n anual expedido por el notario p\u00fablico, anexando \u00fanica copia de identificaci\u00f3n del gestor autorizado (incluir la copia de identificaci\u00f3n del propietario para los tr\u00e1mites a realizar).<\/li>\r\n    <li>4.- En caso de fallecimiento del propietario presentar copia de acta de defunci\u00f3n, as\u00ed misma copia de cualquier de los documentos seg\u00fan sea el caso: <\/li>\r\n      <ul>\r\n        <li>\u2713 Hijo(a) acta de nacimiento con identificaci\u00f3n oficial vigente.<\/li>\r\n        <li>\u2713 Esposo(a) acta de matrimonio con identificaci\u00f3n oficial vigente<\/li>\r\n        <li>\u2713 Escritura de testamento identificaci\u00f3n oficial vigente<\/li>\r\n        <li>\u2713 Sentencia de juzgado identificaci\u00f3n oficial vigente.<\/li>\r\n      <\/ul>\r\n      <li>5.- Si el predio no se encuentra ubicado en plano municipal, presentar copia del plano con coordenadas UTM.<\/li>\r\n      <li>6.- copia de pago de derecho.<\/li>\r\n  <\/ul>\r\n<\/td>\r\n    <\/tr>\r\n  \r\n    <tr>\r\n      <th scope=\"row\">Costos:<\/th>\r\n      <td>$448.10<\/td>\r\n    <\/tr>\r\n    <tr>\r\n      <th scope=\"row\">Marco Legal:<\/th>\r\n      <td>Ley de hacienda del municipio de Oth\u00f3n P. Blanco art\u00edculo 92 de la fracci\u00f3n IV inciso K (UMA 5.0)<\/td>\r\n    <\/tr>\r\n    \r\n  <\/tbody>\r\n<\/table>\r\n<\/div>\r\n<\/div> <!--fin del acordion -->\r\n\r\n<div id=\"accordion_3\" >\r\n  <h3>ALTA DE PREDIO RA\u00cdZ (EN CASO DE APLICAR SE REALIZAR\u00c1 UNA INSPECCI\u00d3N F\u00cdSICA<\/h3>\r\n  <div text-align:center; >\r\n    <table class=\"table table-hover\">\r\n  <thead>\r\n    <tr>\r\n      <th class=\"table-info\" scope=\"col\">Informaci\u00f3n<\/th>\r\n      <th class=\"table-info\" scope=\"col\">Descripci\u00f3n<\/th>\r\n    <\/tr>\r\n  <\/thead>\r\n  <tbody>\r\n\r\n    <tr>\r\n      <th scope=\"row\">Lugar<\/th>\r\n      <td> Edificio anexo a Palacio Municipal, acceso sobre el andador ubicado entre Palacio Municipal y el Parque de la Alameda \u201cGral. L\u00e1zaro C\u00e1rdenas del R\u00edo\u201d.<\/td>\r\n  \r\n    <\/tr>\r\n    <tr>\r\n      <th scope=\"row\">Modalidad:<\/th>\r\n      <td> Presencia, por turno; v\u00eda electr\u00f3nica.<\/td>\r\n    <\/tr>\r\n    <tr>\r\n      <th scope=\"row\">Tiempo Aproximado:<\/th>\r\n      <td><\/td>\r\n    <\/tr>\r\n    <tr>\r\n      <th scope=\"row\">D\u00edas y horario de atenci\u00f3n:<\/th>\r\n      <td>de Lunes a Viernes;\r\n<ul><li>Informaci\u00f3n y recepci\u00f3n de documentos: de 9:00 a 14:00 Hrs<\/li>\r\n<li>Entrega de tr\u00e1mites finalizados: de 14:00 a 16:00 Hrs.<\/li>\r\n<\/ul>\r\n<\/td>\r\n    <\/tr>\r\n    <tr>\r\n      <th scope=\"row\">Requisitos:<\/th>\r\n      <td>\r\n  <ul>\r\n    <li>1.- Solicitud del tr\u00e1mite correspondiente a realizar dirigido a la Directora MVI. Alma P, Gonz\u00e1lez Concha, es importante manifestar su n\u00famero de contacto, correo electr\u00f3nico y domicilio.<\/li>\r\n    <li>2.- Copia de cualquier documento que acredite la propiedad: <\/li>\r\n    <ul><li>\u2713 T\u00edtulo de propiedad, escritura p\u00fablica, contrato de compra venta notarial debidamente inscrita en el registro p\u00fablico de la propiedad, anexar sello, boleta de registro o folio digitalizado.<\/li>\r\n    <li>\u2713 Orden de ocupaci\u00f3n o contrato de compraventa expedida por SEDETUS (antes INIQROO), AGEPRO (antes IPAE), INSUS (antes CORETT) <\/li>\r\n    <li>Constancia de posesi\u00f3n ejidal para poblados; con firma y sello del comisariado ejidal y sello del consejo de vigilancia (especificar dentro de la constancia, ubicaci\u00f3n, superficie de terreno, medidas y colindancias con lote y calles).<\/li>\r\n    <li>\u2713 Copia de identificaci\u00f3n oficial con fotograf\u00eda del propietario, si el solicitante no es el propietario deber\u00e1 presentar una carta poder original  y\/o copia del poder notarial; anexar copia de las identificaciones (propietario, apoderado y\/o testigos en su caso.<\/li>\r\n    <li>\u2713 Cuando el contribuyente sea persona moral deber\u00e1 presentar acta constitutiva e identificaci\u00f3n oficial del apoderado.<br>\r\n    <strong>Notarias: <\/strong>los gestores requieren presentar su \u00fanico oficio de autorizaci\u00f3n anual expedido por el notario p\u00fablico, anexando \u00fanica copia de identificaci\u00f3n del gestor autorizado (incluir la copia de identificaci\u00f3n del propietario para los tr\u00e1mites a realizar).<\/li>\r\n    <li>4.- En caso de fallecimiento del propietario presentar copia de acta de defunci\u00f3n, as\u00ed misma copia de cualquier de los documentos seg\u00fan sea el caso: <\/li>\r\n      <ul>\r\n        <li>\u2713 Hijo(a) acta de nacimiento con identificaci\u00f3n oficial vigente.<\/li>\r\n        <li>\u2713 Esposo(a) acta de matrimonio con identificaci\u00f3n oficial vigente<\/li>\r\n        <li>\u2713 Escritura de testamento identificaci\u00f3n oficial vigente<\/li>\r\n        <li>\u2713 Sentencia de juzgado identificaci\u00f3n oficial vigente.<\/li>\r\n      <\/ul>\r\n      <li>5.- Si el predio no se encuentra ubicado en plano municipal, presentar copia del plano con coordenadas UTM.<\/li>\r\n      <li>6.- copia de pago de derecho.<\/li>\r\n  <\/ul>\r\n<\/td>\r\n    <\/tr>\r\n    \r\n    <tr>\r\n      <th scope=\"row\">Costos:<\/th>\r\n      <td>Cambio de Propietario: $ 448.10<\/td>\r\n    <\/tr>\r\n    <tr>\r\n      <th scope=\"row\">Marco Legal:<\/th>\r\n      <td>\r\n        Ley de hacienda del municipio de Oth\u00f3n P. Blanco art\u00edculo 92 de la fracci\u00f3n IV inciso O (UMA 5.0)\r\n<\/td>\r\n    <\/tr>\r\n    \r\n  <\/tbody>\r\n<\/table>\r\n<\/div>\r\n<\/div> <!--fin del acordion -->\t\t<\/div>\n\t\t\t\t<\/div>\n\t\t\t\t\t\t<\/div>\n\t\t\t\t\t<\/div>\n\t\t<\/div>\n\t\t\t\t\t\t\t\t<\/div>\n\t\t\t\t\t<\/div>\n\t\t<\/section>\n\t\t\t\t<section class=\"elementor-section elementor-top-section elementor-element elementor-element-a68b0b5 elementor-section-boxed elementor-section-height-default elementor-section-height-default\" data-id=\"a68b0b5\" data-element_type=\"section\">\n\t\t\t\t\t\t<div class=\"elementor-container elementor-column-gap-default\">\n\t\t\t\t\t\t\t<div class=\"elementor-row\">\n\t\t\t\t\t<div class=\"elementor-column elementor-col-100 elementor-top-column elementor-element elementor-element-890981f\" data-id=\"890981f\" data-element_type=\"column\">\n\t\t\t<div class=\"elementor-column-wrap elementor-element-populated\">\n\t\t\t\t\t\t\t<div class=\"elementor-widget-wrap\">\n\t\t\t\t\t\t<div class=\"elementor-element elementor-element-855211b elementor-widget elementor-widget-heading\" data-id=\"855211b\" data-element_type=\"widget\" data-widget_type=\"heading.default\">\n\t\t\t\t<div class=\"elementor-widget-container\">\n\t\t\t<h5 class=\"elementor-heading-title elementor-size-default\">Actualizando informaci\u00f3n...<\/h5>\t\t<\/div>\n\t\t\t\t<\/div>\n\t\t\t\t\t\t<\/div>\n\t\t\t\t\t<\/div>\n\t\t<\/div>\n\t\t\t\t\t\t\t\t<\/div>\n\t\t\t\t\t<\/div>\n\t\t<\/section>\n\t\t\t\t<section class=\"elementor-section elementor-top-section elementor-element elementor-element-eb4647a elementor-section-boxed elementor-section-height-default elementor-section-height-default\" data-id=\"eb4647a\" data-element_type=\"section\">\n\t\t\t\t\t\t<div class=\"elementor-container elementor-column-gap-default\">\n\t\t\t\t\t\t\t<div class=\"elementor-row\">\n\t\t\t\t\t<div class=\"elementor-column elementor-col-100 elementor-top-column elementor-element elementor-element-8d29924\" data-id=\"8d29924\" data-element_type=\"column\">\n\t\t\t<div class=\"elementor-column-wrap elementor-element-populated\">\n\t\t\t\t\t\t\t<div class=\"elementor-widget-wrap\">\n\t\t\t\t\t\t<div class=\"elementor-element elementor-element-82b6ac9 elementor-widget elementor-widget-image\" data-id=\"82b6ac9\" data-element_type=\"widget\" data-widget_type=\"image.default\">\n\t\t\t\t<div class=\"elementor-widget-container\">\n\t\t\t\t\t<div class=\"elementor-image\">\n\t\t\t\t\t\t\t\t\t\t<img width=\"768\" height=\"371\" src=\"http:\/\/www.opb.gob.mx\/portal\/wp-content\/uploads\/2021\/10\/2021-2024_png-768x371.png\" class=\"attachment-medium_large size-medium_large\" alt=\"\" loading=\"lazy\" srcset=\"http:\/\/www.opb.gob.mx\/portal\/wp-content\/uploads\/2021\/10\/2021-2024_png-768x371.png 768w, http:\/\/www.opb.gob.mx\/portal\/wp-content\/uploads\/2021\/10\/2021-2024_png-1536x742.png 1536w, http:\/\/www.opb.gob.mx\/portal\/wp-content\/uploads\/2021\/10\/2021-2024_png.png 1920w\" sizes=\"(max-width: 768px) 100vw, 768px\" \/>\t\t\t\t\t\t\t\t\t\t\t<\/div>\n\t\t\t\t<\/div>\n\t\t\t\t<\/div>\n\t\t\t\t\t\t<\/div>\n\t\t\t\t\t<\/div>\n\t\t<\/div>\n\t\t\t\t\t\t\t\t<\/div>\n\t\t\t\t\t<\/div>\n\t\t<\/section>\n\t\t\t\t<section class=\"elementor-section elementor-top-section elementor-element elementor-element-13647a3 elementor-section-boxed elementor-section-height-default elementor-section-height-default\" data-id=\"13647a3\" data-element_type=\"section\">\n\t\t\t\t\t\t<div class=\"elementor-container elementor-column-gap-default\">\n\t\t\t\t\t\t\t<div class=\"elementor-row\">\n\t\t\t\t\t<div class=\"elementor-column elementor-col-100 elementor-top-column elementor-element elementor-element-f3434e5\" data-id=\"f3434e5\" data-element_type=\"column\">\n\t\t\t<div class=\"elementor-column-wrap\">\n\t\t\t\t\t\t\t<div class=\"elementor-widget-wrap\">\n\t\t\t\t\t\t\t\t<\/div>\n\t\t\t\t\t<\/div>\n\t\t<\/div>\n\t\t\t\t\t\t\t\t<\/div>\n\t\t\t\t\t<\/div>\n\t\t<\/section>\n\t\t\t\t\t\t<\/div>\n\t\t\t\t\t\t<\/div>\n\t\t\t\t\t<\/div>\n\t\t","protected":false},"excerpt":{"rendered":"<p>C\u00c9DULA CATASTRAL Y CAMBIO DE PROPIETARIO Informaci\u00f3n Descripci\u00f3n Lugar Edificio anexo a Palacio Municipal, acceso sobre el andador ubicado entre Palacio Municipal y el Parque de la Alameda \u201cGral. L\u00e1zaro C\u00e1rdenas del R\u00edo\u201d. Modalidad: Presencia, por turno; v\u00eda electr\u00f3nica. Tiempo Aproximado: D\u00edas y horario de atenci\u00f3n: de Lunes a Viernes; Informaci\u00f3n y recepci\u00f3n de documentos:<\/p>\n","protected":false},"author":1,"featured_media":0,"parent":0,"menu_order":0,"comment_status":"closed","ping_status":"closed","template":"","meta":[],"_links":{"self":[{"href":"http:\/\/www.opb.gob.mx\/portal\/index.php?rest_route=\/wp\/v2\/pages\/15629"}],"collection":[{"href":"http:\/\/www.opb.gob.mx\/portal\/index.php?rest_route=\/wp\/v2\/pages"}],"about":[{"href":"http:\/\/www.opb.gob.mx\/portal\/index.php?rest_route=\/wp\/v2\/types\/page"}],"author":[{"embeddable":true,"href":"http:\/\/www.opb.gob.mx\/portal\/index.php?rest_route=\/wp\/v2\/users\/1"}],"replies":[{"embeddable":true,"href":"http:\/\/www.opb.gob.mx\/portal\/index.php?rest_route=%2Fwp%2Fv2%2Fcomments&post=15629"}],"version-history":[{"count":7,"href":"http:\/\/www.opb.gob.mx\/portal\/index.php?rest_route=\/wp\/v2\/pages\/15629\/revisions"}],"predecessor-version":[{"id":22369,"href":"http:\/\/www.opb.gob.mx\/portal\/index.php?rest_route=\/wp\/v2\/pages\/15629\/revisions\/22369"}],"wp:attachment":[{"href":"http:\/\/www.opb.gob.mx\/portal\/index.php?rest_route=%2Fwp%2Fv2%2Fmedia&parent=15629"}],"curies":[{"name":"wp","href":"https:\/\/api.w.org\/{rel}","templated":true}]}}