{"id":21684,"date":"2022-05-26T23:04:03","date_gmt":"2022-05-26T23:04:03","guid":{"rendered":"http:\/\/www.opb.gob.mx\/portal\/?page_id=21684"},"modified":"2022-05-26T23:37:30","modified_gmt":"2022-05-26T23:37:30","slug":"sevac","status":"publish","type":"page","link":"http:\/\/www.opb.gob.mx\/portal\/?page_id=21684","title":{"rendered":"SEVAC"},"content":{"rendered":"\t\t<div data-elementor-type=\"wp-page\" data-elementor-id=\"21684\" class=\"elementor elementor-21684\" data-elementor-settings=\"[]\">\n\t\t\t\t\t\t<div class=\"elementor-inner\">\n\t\t\t\t\t\t\t<div class=\"elementor-section-wrap\">\n\t\t\t\t\t\t\t<section class=\"elementor-section elementor-top-section elementor-element elementor-element-f96e075 elementor-section-boxed elementor-section-height-default elementor-section-height-default\" data-id=\"f96e075\" data-element_type=\"section\">\n\t\t\t\t\t\t<div class=\"elementor-container elementor-column-gap-default\">\n\t\t\t\t\t\t\t<div class=\"elementor-row\">\n\t\t\t\t\t<div class=\"elementor-column elementor-col-100 elementor-top-column elementor-element elementor-element-e70ed62\" data-id=\"e70ed62\" data-element_type=\"column\">\n\t\t\t<div class=\"elementor-column-wrap elementor-element-populated\">\n\t\t\t\t\t\t\t<div class=\"elementor-widget-wrap\">\n\t\t\t\t\t\t<div class=\"elementor-element elementor-element-f5e8ea3 elementor-widget elementor-widget-html\" data-id=\"f5e8ea3\" data-element_type=\"widget\" data-widget_type=\"html.default\">\n\t\t\t\t<div class=\"elementor-widget-container\">\n\t\t\t<meta charset=\"utf-8\">\n  <meta name=\"viewport\" content=\"width=device-width, initial-scale=1\">\n\n  <link rel=\"stylesheet\" href=\"\/\/code.jquery.com\/ui\/1.12.1\/themes\/base\/jquery-ui.css\">\n  <link rel=\"stylesheet\" href=\"\/resources\/demos\/style.css\">\n  <script src=\"https:\/\/code.jquery.com\/jquery-1.12.4.js\"><\/script>\n  <script src=\"https:\/\/code.jquery.com\/ui\/1.12.1\/jquery-ui.js\"><\/script>\n  \n<script>\njQuery(function($){\n    $('.et_pb_accordion .et_pb_toggle_open').addClass('et_pb_toggle_close').removeClass('et_pb_toggle_open');\n    $('.et_pb_accordion .et_pb_toggle').click(function() {\n      $this = $(this);\n      setTimeout(function(){\n         $this.closest('.et_pb_accordion').removeClass('et_pb_accordion_toggling');\n      },700);\n    });\n});\n<\/script>\n\n  <script>\n  $( function() {\n    $( \"#accordion_1\" ).accordion({\n      collapsible: true,\n      active: false\n    });\n  } );\n  <\/script>\n    <script>\n  $( function() {\n    $( \"#accordion_2\" ).accordion({\n      collapsible: true,\n      active: false\n    });\n  } );\n  <\/script>\n    <script>\n  $( function() {\n    $( \"#accordion_3\" ).accordion({\n      collapsible: true,\n      active: false\n    });\n  } );\n  <\/script>\n    <script>\n  $( function() {\n    $( \"#accordion_4\" ).accordion({\n      collapsible: true,\n      active: false\n    });\n  } );\n  <\/script>\n    <script>\n  $( function() {\n    $( \"#accordion_5\" ).accordion({\n      collapsible: true,\n      active: false\n    });\n  } );\n  <\/script>\n    <script>\n  $( function() {\n    $( \"#accordion_6\" ).accordion({\n      collapsible: true,\n      active: false\n    });\n  } );\n  <\/script>\n    <script>\n  $( function() {\n    $( \"#accordion_7\" ).accordion({\n      collapsible: true,\n      active: false\n    });\n  } );\n  <\/script>\n    <script>\n  $( function() {\n    $( \"#accordion_8\" ).accordion({\n      collapsible: true,\n      active: false\n    });\n  } );\n  <\/script>\n    <script>\n  $( function() {\n    $( \"#accordion_9\" ).accordion({\n      collapsible: true,\n      active: false\n    });\n  } );\n  <\/script>\n<\/head>\n<body>\n  <div id=\"accordion_1\">\n    <h3>2021<\/h3>\n      <div>\n      <table class=\"table table-hover\">\n        <thead>\n        <tr>\n          <th scope=\"col\">#<\/th>\n          <th scope=\"col\">Nombre<\/th>\n          <th scope=\"col\">Descarga<\/th>\n        <\/tr>\n        <\/thead>\n        <tbody>\n          <tr>\n\n\n\n\n\n\n\n            <th scope=\"row\">1<\/th>\n            <td><p>Manual de contabilidad<\/p><\/td>\n            <td><a href=\"http:\/\/www.opb.gob.mx\/portal\/wp-content\/uploads\/2022\/dif\/2021\/SEVAC\/05.-%20Manual%20de%20contabilidad.docx\">\n            <img loading=\"lazy\" src=\"https:\/\/i2.wp.com\/www.opb.gob.mx\/portal\/wp-content\/uploads\/2020\/06\/icon_pdf_png.png?resize=32%2C32\" alt=\"documento\" width=\"32 px\" height=\"32\"  data-recalc-dims=\"1\">\n            <\/a>\n            <\/td>\n          <\/tr>\n          <tr>\n            <th scope=\"row\">2<\/th>\n            <td><p>Balanza de comprobaci\u00f3n diciembre<\/p><\/td>\n            <td><a href=\"http:\/\/www.opb.gob.mx\/portal\/wp-content\/uploads\/2022\/dif\/2021\/SEVAC\/Balanza%20Diciembre.pdf\">\n            <img loading=\"lazy\" src=\"https:\/\/i2.wp.com\/www.opb.gob.mx\/portal\/wp-content\/uploads\/2020\/06\/icon_pdf_png.png?resize=32%2C32\" alt=\"documento\" width=\"32 px\" height=\"32\"  data-recalc-dims=\"1\">\n            <\/a>\n            <\/td>\n          <\/tr>\n          <tr>\n            <th scope=\"row\">3<\/th>\n            <td><p>Balanza de comprobaci\u00f3n octubre<\/p><\/td>\n            <td><a href=\"http:\/\/www.opb.gob.mx\/portal\/wp-content\/uploads\/2022\/dif\/2021\/SEVAC\/Balanza%20Octubre.pdf\">\n            <img loading=\"lazy\" src=\"https:\/\/i2.wp.com\/www.opb.gob.mx\/portal\/wp-content\/uploads\/2020\/06\/icon_pdf_png.png?resize=32%2C32\" alt=\"documento\" width=\"32 px\" height=\"32\"  data-recalc-dims=\"1\">\n            <\/a>\n            <\/td>\n          <\/tr>\n          <tr>\n            <th scope=\"row\">4<\/th>\n            <td><p>Balanza de comprobaci\u00f3n noviembre<\/p><\/td>\n            <td><a href=\"http:\/\/www.opb.gob.mx\/portal\/wp-content\/uploads\/2022\/dif\/2021\/SEVAC\/Balanza%20Noviembre.pdf\">\n            <img loading=\"lazy\" src=\"https:\/\/i2.wp.com\/www.opb.gob.mx\/portal\/wp-content\/uploads\/2020\/06\/icon_pdf_png.png?resize=32%2C32\" alt=\"documento\" width=\"32 px\" height=\"32\"  data-recalc-dims=\"1\">\n            <\/a>\n            <\/td>\n          <\/tr>\n          <tr>\n            <th scope=\"row\">5<\/th>\n            <td><p>Libro Mayor<\/p><\/td>\n            <td><a href=\"http:\/\/www.opb.gob.mx\/portal\/wp-content\/uploads\/2022\/dif\/2021\/SEVAC\/Libro%20Mayor.pdf\">\n            <img loading=\"lazy\" src=\"https:\/\/i2.wp.com\/www.opb.gob.mx\/portal\/wp-content\/uploads\/2020\/06\/icon_pdf_png.png?resize=32%2C32\" alt=\"documento\" width=\"32 px\" height=\"32\"  data-recalc-dims=\"1\">\n            <\/a>\n            <\/td>\n          <\/tr>\n          <tr>\n            <th scope=\"row\">6<\/th>\n            <td><p>Libro Diario de octubre a diciembre<\/p><\/td>\n            <td><a href=\"http:\/\/www.opb.gob.mx\/portal\/wp-content\/uploads\/2022\/dif\/2021\/SEVAC\/Libro%20Diario%20Oct-Dic.pdf\">\n            <img loading=\"lazy\" src=\"https:\/\/i2.wp.com\/www.opb.gob.mx\/portal\/wp-content\/uploads\/2020\/06\/icon_pdf_png.png?resize=32%2C32\" alt=\"documento\" width=\"32 px\" height=\"32\"  data-recalc-dims=\"1\">\n            <\/a>\n            <\/td>\n          <\/tr>\n        <\/tbody>\n      <\/table>\n      <\/div>\n  <\/div>\n<\/tbody>\n<\/table>\t\t<\/div>\n\t\t\t\t<\/div>\n\t\t\t\t\t\t<\/div>\n\t\t\t\t\t<\/div>\n\t\t<\/div>\n\t\t\t\t\t\t\t\t<\/div>\n\t\t\t\t\t<\/div>\n\t\t<\/section>\n\t\t\t\t\t\t<\/div>\n\t\t\t\t\t\t<\/div>\n\t\t\t\t\t<\/div>\n\t\t","protected":false},"excerpt":{"rendered":"<p>2021 # Nombre Descarga 1 Manual de contabilidad 2 Balanza de comprobaci\u00f3n diciembre 3 Balanza de comprobaci\u00f3n octubre 4 Balanza de comprobaci\u00f3n noviembre 5 Libro Mayor 6 Libro Diario de octubre a diciembre<\/p>\n","protected":false},"author":1,"featured_media":0,"parent":0,"menu_order":0,"comment_status":"closed","ping_status":"closed","template":"","meta":[],"_links":{"self":[{"href":"http:\/\/www.opb.gob.mx\/portal\/index.php?rest_route=\/wp\/v2\/pages\/21684"}],"collection":[{"href":"http:\/\/www.opb.gob.mx\/portal\/index.php?rest_route=\/wp\/v2\/pages"}],"about":[{"href":"http:\/\/www.opb.gob.mx\/portal\/index.php?rest_route=\/wp\/v2\/types\/page"}],"author":[{"embeddable":true,"href":"http:\/\/www.opb.gob.mx\/portal\/index.php?rest_route=\/wp\/v2\/users\/1"}],"replies":[{"embeddable":true,"href":"http:\/\/www.opb.gob.mx\/portal\/index.php?rest_route=%2Fwp%2Fv2%2Fcomments&post=21684"}],"version-history":[{"count":2,"href":"http:\/\/www.opb.gob.mx\/portal\/index.php?rest_route=\/wp\/v2\/pages\/21684\/revisions"}],"predecessor-version":[{"id":21686,"href":"http:\/\/www.opb.gob.mx\/portal\/index.php?rest_route=\/wp\/v2\/pages\/21684\/revisions\/21686"}],"wp:attachment":[{"href":"http:\/\/www.opb.gob.mx\/portal\/index.php?rest_route=%2Fwp%2Fv2%2Fmedia&parent=21684"}],"curies":[{"name":"wp","href":"https:\/\/api.w.org\/{rel}","templated":true}]}}