{"id":27179,"date":"2023-05-22T18:08:30","date_gmt":"2023-05-22T18:08:30","guid":{"rendered":"http:\/\/www.opb.gob.mx\/portal\/?page_id=27179"},"modified":"2024-10-30T03:01:21","modified_gmt":"2024-10-30T03:01:21","slug":"dif-formatos-conac-ley-de-disciplina-financiera-2023","status":"publish","type":"page","link":"http:\/\/www.opb.gob.mx\/portal\/?page_id=27179","title":{"rendered":"DIF Formatos CONAC Ley De Disciplina Financiera 2023"},"content":{"rendered":"\t\t<div data-elementor-type=\"wp-page\" data-elementor-id=\"27179\" class=\"elementor elementor-27179\" data-elementor-settings=\"[]\">\n\t\t\t\t\t\t<div class=\"elementor-inner\">\n\t\t\t\t\t\t\t<div class=\"elementor-section-wrap\">\n\t\t\t\t\t\t\t<section class=\"elementor-section elementor-top-section elementor-element elementor-element-5abdd3c elementor-section-boxed elementor-section-height-default elementor-section-height-default\" data-id=\"5abdd3c\" data-element_type=\"section\">\n\t\t\t\t\t\t<div class=\"elementor-container elementor-column-gap-default\">\n\t\t\t\t\t\t\t<div class=\"elementor-row\">\n\t\t\t\t\t<div class=\"elementor-column elementor-col-100 elementor-top-column elementor-element elementor-element-54d0fd8\" data-id=\"54d0fd8\" data-element_type=\"column\">\n\t\t\t<div class=\"elementor-column-wrap elementor-element-populated\">\n\t\t\t\t\t\t\t<div class=\"elementor-widget-wrap\">\n\t\t\t\t\t\t<div class=\"elementor-element elementor-element-a8387e6 elementor-widget elementor-widget-html\" data-id=\"a8387e6\" data-element_type=\"widget\" data-widget_type=\"html.default\">\n\t\t\t\t<div class=\"elementor-widget-container\">\n\t\t\t  <meta charset=\"utf-8\">\r\n    <meta name=\"viewport\" content=\"width=device-width, initial-scale=1\">\r\n\r\n    <link rel=\"stylesheet\" href=\"\/\/code.jquery.com\/ui\/1.12.1\/themes\/base\/jquery-ui.css\">\r\n    <link rel=\"stylesheet\" href=\"\/resources\/demos\/style.css\">\r\n    <script src=\"https:\/\/code.jquery.com\/jquery-1.12.4.js\"><\/script>\r\n    <script src=\"https:\/\/code.jquery.com\/ui\/1.12.1\/jquery-ui.js\"><\/script>\r\n    \r\n  <script>\r\n  jQuery(function($){\r\n      $('.et_pb_accordion .et_pb_toggle_open').addClass('et_pb_toggle_close').removeClass('et_pb_toggle_open');\r\n      $('.et_pb_accordion .et_pb_toggle').click(function() {\r\n        $this = $(this);m\r\n        setTimeout(function(){\r\n           $this.closest('.et_pb_accordion').removeClass('et_pb_accordion_toggling');\r\n        },700);\r\n      });\r\n  });\r\n  <\/script>\r\n\r\n    <script>\r\n    $( function() {\r\n      $( \"#accordion_1\" ).accordion({\r\n        collapsible: true,\r\n        active: false\r\n      });\r\n    } );\r\n    <\/script>\r\n      <script>\r\n    $( function() {\r\n      $( \"#accordion_2\" ).accordion({\r\n        collapsible: true,\r\n        active: false\r\n      });\r\n    } );\r\n    <\/script>\r\n      <script>\r\n    $( function() {\r\n      $( \"#accordion_3\" ).accordion({\r\n        collapsible: true,\r\n        active: false\r\n      });\r\n    } );\r\n    <\/script>\r\n      <script>\r\n    $( function() {\r\n      $( \"#accordion_4\" ).accordion({\r\n        collapsible: true,\r\n        active: false\r\n      });\r\n    } );\r\n    <\/script>\r\n      <script>\r\n    $( function() {\r\n      $( \"#accordion_5\" ).accordion({\r\n        collapsible: true,\r\n        active: false\r\n      });\r\n    } );\r\n    <\/script>\r\n      <script>\r\n    $( function() {\r\n      $( \"#accordion_6\" ).accordion({\r\n        collapsible: true,\r\n        active: false\r\n      });\r\n    } );\r\n    <\/script>\r\n      <script>\r\n    $( function() {\r\n      $( \"#accordion_7\" ).accordion({\r\n        collapsible: true,\r\n        active: false\r\n      });\r\n    } );\r\n    <\/script>\r\n      <script>\r\n    $( function() {\r\n      $( \"#accordion_8\" ).accordion({\r\n        collapsible: true,\r\n        active: false\r\n      });\r\n    } );\r\n    <\/script>\r\n      <script>\r\n    $( function() {\r\n      $( \"#accordion_9\" ).accordion({\r\n        collapsible: true,\r\n        active: false\r\n      });\r\n    } );\r\n    <\/script>\r\n  <\/head>\r\n  <body>\r\n   \r\n  <div id=\"accordion_1\">\r\n    <h3>Estado de Situaci\u00f3n Financiera\r\n  <\/h3>\r\n    <div>\r\n      <table class=\"table table-hover\">\r\n  <thead>\r\n  <tr>\r\n  <th scope=\"col\">#<\/th>\r\n  <th scope=\"col\">Mensual<\/th>\r\n  <th scope=\"col\">Descarga<\/th>\r\n  <\/tr>\r\n  <\/thead>\r\n  <tbody>\r\n  <tr>\r\n\r\n  <th scope=\"row\">1<\/th>\r\n  <td>Estado de Situaci\u00f3n Financiera enero<\/td>\r\n  <td><p><a href=\"http:\/\/www.opb.gob.mx\/portal\/wp-content\/uploads\/2022\/dif\/2023\/ESF\/enero.pdf\">\r\n  <img loading=\"lazy\" src=\"https:\/\/i2.wp.com\/www.opb.gob.mx\/portal\/wp-content\/uploads\/2020\/06\/icon_pdf_png.png?resize=32%2C32\" alt=\"documento\" width=\"32 px\" height=\"32\"  data-recalc-dims=\"1\">\r\n  <\/a><\/p><\/td>\r\n  <\/tr>\r\n  <tr>\r\n  <th scope=\"row\">2<\/th>\r\n  <td>Estado de Situaci\u00f3n Financiera febrero <\/td>\r\n  <td><p><a href=\"http:\/\/www.opb.gob.mx\/portal\/wp-content\/uploads\/2022\/dif\/2023\/ESF\/febrero.pdf\">\r\n  <img loading=\"lazy\" src=\"https:\/\/i2.wp.com\/www.opb.gob.mx\/portal\/wp-content\/uploads\/2020\/06\/icon_pdf_png.png?resize=32%2C32\" alt=\"documento\" width=\"32 px\" height=\"32\"  data-recalc-dims=\"1\">\r\n  <\/a><\/p><\/td>\r\n  <\/tr>\r\n  <tr>\r\n  <th scope=\"row\">3<\/th>\r\n  <td>Estado de Situaci\u00f3n Financiera marzo <\/td>\r\n  <td><p><a href=\"http:\/\/www.opb.gob.mx\/portal\/wp-content\/uploads\/2022\/dif\/2023\/ESF\/marzo.pdf\">\r\n  <img loading=\"lazy\" src=\"https:\/\/i2.wp.com\/www.opb.gob.mx\/portal\/wp-content\/uploads\/2020\/06\/icon_pdf_png.png?resize=32%2C32\" alt=\"documento\" width=\"32 px\" height=\"32\"  data-recalc-dims=\"1\">\r\n  <\/a><\/p><\/td>\r\n\r\n  <tr>\r\n  <th scope=\"row\">4<\/th>\r\n  <td>Estado de Situaci\u00f3n Financiera abril <\/td>\r\n  <td><p><a href=\"http:\/\/www.opb.gob.mx\/portal\/wp-content\/uploads\/2022\/dif\/2023\/ESF\/abril_2023.pdf\">\r\n  <img loading=\"lazy\" src=\"https:\/\/i2.wp.com\/www.opb.gob.mx\/portal\/wp-content\/uploads\/2020\/06\/icon_pdf_png.png?resize=32%2C32\" alt=\"documento\" width=\"32 px\" height=\"32\"  data-recalc-dims=\"1\">\r\n  <\/a><\/p><\/td>\r\n  <\/tr>\r\n  <tr>\r\n  <th scope=\"row\">5<\/th>\r\n  <td>Estado de Situaci\u00f3n Financiera mayo <\/td>\r\n  <td><p><a href=\"http:\/\/www.opb.gob.mx\/portal\/wp-content\/uploads\/2022\/dif\/2023\/ESF\/mayo_2023.pdf\">\r\n  <img loading=\"lazy\" src=\"https:\/\/i2.wp.com\/www.opb.gob.mx\/portal\/wp-content\/uploads\/2020\/06\/icon_pdf_png.png?resize=32%2C32\" alt=\"documento\" width=\"32 px\" height=\"32\"  data-recalc-dims=\"1\">\r\n  <\/a><\/p><\/td>\r\n  <\/tr>\r\n  <tr>\r\n  <th scope=\"row\">6<\/th>\r\n  <td>Estado de Situaci\u00f3n Financiera junio <\/td>\r\n  <td><p><a href=\"http:\/\/www.opb.gob.mx\/portal\/wp-content\/uploads\/2022\/dif\/2023\/ESF\/junio_2023.pdf\">\r\n  <img loading=\"lazy\" src=\"https:\/\/i2.wp.com\/www.opb.gob.mx\/portal\/wp-content\/uploads\/2020\/06\/icon_pdf_png.png?resize=32%2C32\" alt=\"documento\" width=\"32 px\" height=\"32\"  data-recalc-dims=\"1\">\r\n  <\/a><\/p><\/td>\r\n  <\/tr>\r\n\r\n\r\n  <tr>\r\n  <th scope=\"row\">7<\/th>\r\n  <td>Estado de Situaci\u00f3n Financiera julio <\/td>\r\n  <td><p><a href=\"https:\/\/www.opb.gob.mx\/portal\/wp-content\/uploads\/2022\/dif\/2023\/ESF\/julio.pdf\">\r\n  <img loading=\"lazy\" src=\"https:\/\/i2.wp.com\/www.opb.gob.mx\/portal\/wp-content\/uploads\/2020\/06\/icon_pdf_png.png?resize=32%2C32\" alt=\"documento\" width=\"32 px\" height=\"32\"  data-recalc-dims=\"1\">\r\n  <\/a><\/p><\/td>\r\n  <\/tr>\r\n  <tr>\r\n  <th scope=\"row\">8<\/th>\r\n  <td>Estado de Situaci\u00f3n Financiera agosto <\/td>\r\n  <td><p><a href=\"https:\/\/www.opb.gob.mx\/portal\/wp-content\/uploads\/2022\/dif\/2023\/ESF\/agosto.pdf\">\r\n  <img loading=\"lazy\" src=\"https:\/\/i2.wp.com\/www.opb.gob.mx\/portal\/wp-content\/uploads\/2020\/06\/icon_pdf_png.png?resize=32%2C32\" alt=\"documento\" width=\"32 px\" height=\"32\"  data-recalc-dims=\"1\">\r\n  <\/a><\/p><\/td>\r\n  <\/tr>\r\n  <tr>\r\n  <th scope=\"row\">9<\/th>\r\n  <td>Estado de Situaci\u00f3n Financiera septiembre <\/td>\r\n  <td><p><a href=\"https:\/\/www.opb.gob.mx\/portal\/wp-content\/uploads\/2022\/dif\/2023\/ESF\/septiembre.pdf\">\r\n  <img loading=\"lazy\" src=\"https:\/\/i2.wp.com\/www.opb.gob.mx\/portal\/wp-content\/uploads\/2020\/06\/icon_pdf_png.png?resize=32%2C32\" alt=\"documento\" width=\"32 px\" height=\"32\"  data-recalc-dims=\"1\">\r\n  <\/a><\/p><\/td>\r\n  <\/tr>\r\n\r\n  <tr>\r\n  <th scope=\"row\">10<\/th>\r\n  <td>Estado de Situaci\u00f3n Financiera octubre <\/td>\r\n  <td><p><a href=\"http:\/\/www.opb.gob.mx\/portal\/wp-content\/uploads\/2022\/dif\/2023\/ESF\/Octubre.pdf\">\r\n  <img loading=\"lazy\" src=\"https:\/\/i2.wp.com\/www.opb.gob.mx\/portal\/wp-content\/uploads\/2020\/06\/icon_pdf_png.png?resize=32%2C32\" alt=\"documento\" width=\"32 px\" height=\"32\"  data-recalc-dims=\"1\">\r\n  <\/a><\/p><\/td>\r\n  <\/tr>\r\n  <tr>\r\n  <th scope=\"row\">11<\/th>\r\n  <td>Estado de Situaci\u00f3n Financiera noviembre <\/td>\r\n  <td><p><a href=\"http:\/\/www.opb.gob.mx\/portal\/wp-content\/uploads\/2022\/dif\/2023\/ESF\/Noviembre.pdf\">\r\n  <img loading=\"lazy\" src=\"https:\/\/i2.wp.com\/www.opb.gob.mx\/portal\/wp-content\/uploads\/2020\/06\/icon_pdf_png.png?resize=32%2C32\" alt=\"documento\" width=\"32 px\" height=\"32\"  data-recalc-dims=\"1\">\r\n  <\/a><\/p><\/td>\r\n  <\/tr>\r\n  <tr>\r\n  <th scope=\"row\">12<\/th>\r\n  <td>Estado de Situaci\u00f3n Financiera diciembre <\/td>\r\n  <td><p><a href=\"http:\/\/www.opb.gob.mx\/portal\/wp-content\/uploads\/2022\/dif\/2023\/ESF\/Diciembre.pdf\">\r\n  <img loading=\"lazy\" src=\"https:\/\/i2.wp.com\/www.opb.gob.mx\/portal\/wp-content\/uploads\/2020\/06\/icon_pdf_png.png?resize=32%2C32\" alt=\"documento\" width=\"32 px\" height=\"32\"  data-recalc-dims=\"1\">\r\n  <\/a><\/p><\/td>\r\n  <\/tr>\r\n  \r\n  <\/tbody>\r\n  <\/table>\r\n\r\n    <\/div>\r\n   \r\n  <\/div>\r\n   \r\n   <div id=\"accordion_2\">\r\n    <h3>Informe Anal\u00edtico de la Deuda y Otros Pasivos\r\n  <\/h3>\r\n\r\n    <div>\r\n      <table class=\"table table-hover\">\r\n  <thead>\r\n  <tr>\r\n  <th scope=\"col\">#<\/th>\r\n  <th scope=\"col\">Mensual<\/th>\r\n  <th scope=\"col\">Descarga<\/th>\r\n  <\/tr>\r\n  <\/thead>\r\n  <tbody>\r\n  <tr>\r\n\r\n  <th scope=\"row\">1<\/th>\r\n  <td>Informe Anal\u00edtico de la Deuda y Otros Pasivos enero  <\/td>\r\n  <td><p><a href=\"http:\/\/www.opb.gob.mx\/portal\/wp-content\/uploads\/2022\/dif\/2023\/IADYOPP\/enero.pdf\">\r\n  <img loading=\"lazy\" src=\"https:\/\/i2.wp.com\/www.opb.gob.mx\/portal\/wp-content\/uploads\/2020\/06\/icon_pdf_png.png?resize=32%2C32\" alt=\"documento\" width=\"32 px\" height=\"32\"  data-recalc-dims=\"1\">\r\n  <\/a><\/p><\/td>\r\n  <\/tr>\r\n  <tr>\r\n  <th scope=\"row\">2<\/th>\r\n  <td>Informe Anal\u00edtico de la Deuda y Otros Pasivos febrero  <\/td>\r\n  <td><p><a href=\"http:\/\/www.opb.gob.mx\/portal\/wp-content\/uploads\/2022\/dif\/2023\/IADYOPP\/febrero.pdf\">\r\n  <img loading=\"lazy\" src=\"https:\/\/i2.wp.com\/www.opb.gob.mx\/portal\/wp-content\/uploads\/2020\/06\/icon_pdf_png.png?resize=32%2C32\" alt=\"documento\" width=\"32 px\" height=\"32\"  data-recalc-dims=\"1\">\r\n  <\/a><\/p><\/td>\r\n  <\/tr>\r\n  <tr>\r\n  <th scope=\"row\">3<\/th>\r\n  <td>Informe Anal\u00edtico de la Deuda y Otros Pasivos marzo  <\/td>\r\n  <td><p><a href=\"http:\/\/www.opb.gob.mx\/portal\/wp-content\/uploads\/2022\/dif\/2023\/IADYOPP\/marzo.pdf\">\r\n  <img loading=\"lazy\" src=\"https:\/\/i2.wp.com\/www.opb.gob.mx\/portal\/wp-content\/uploads\/2020\/06\/icon_pdf_png.png?resize=32%2C32\" alt=\"documento\" width=\"32 px\" height=\"32\"  data-recalc-dims=\"1\">\r\n  <\/a><\/p><\/td>\r\n\r\n  <tr>\r\n  <th scope=\"row\">4<\/th>\r\n  <td>Informe Anal\u00edtico de la Deuda y Otros Pasivos abril  <\/td>\r\n  <td><p><a href=\"http:\/\/www.opb.gob.mx\/portal\/wp-content\/uploads\/2022\/dif\/2023\/IADYOPP\/abril_2023.pdf\">\r\n  <img loading=\"lazy\" src=\"https:\/\/i2.wp.com\/www.opb.gob.mx\/portal\/wp-content\/uploads\/2020\/06\/icon_pdf_png.png?resize=32%2C32\" alt=\"documento\" width=\"32 px\" height=\"32\"  data-recalc-dims=\"1\">\r\n  <\/a><\/p><\/td>\r\n  <\/tr>\r\n  <tr>\r\n  <th scope=\"row\">5<\/th>\r\n  <td>Informe Anal\u00edtico de la Deuda y Otros Pasivos mayo  <\/td>\r\n  <td><p><a href=\"http:\/\/www.opb.gob.mx\/portal\/wp-content\/uploads\/2022\/dif\/2023\/IADYOPP\/mayo_2023.pdf\">\r\n  <img loading=\"lazy\" src=\"https:\/\/i2.wp.com\/www.opb.gob.mx\/portal\/wp-content\/uploads\/2020\/06\/icon_pdf_png.png?resize=32%2C32\" alt=\"documento\" width=\"32 px\" height=\"32\"  data-recalc-dims=\"1\">\r\n  <\/a><\/p><\/td>\r\n  <\/tr>\r\n  <tr>\r\n  <th scope=\"row\">6<\/th>\r\n  <td>Informe Anal\u00edtico de la Deuda y Otros Pasivos junio  <\/td>\r\n  <td><p><a href=\"http:\/\/www.opb.gob.mx\/portal\/wp-content\/uploads\/2022\/dif\/2023\/IADYOPP\/junio_2023.pdf\">\r\n  <img loading=\"lazy\" src=\"https:\/\/i2.wp.com\/www.opb.gob.mx\/portal\/wp-content\/uploads\/2020\/06\/icon_pdf_png.png?resize=32%2C32\" alt=\"documento\" width=\"32 px\" height=\"32\"  data-recalc-dims=\"1\">\r\n  <\/a><\/p><\/td>\r\n  <\/tr>\r\n\r\n  <tr>\r\n  <th scope=\"row\">7<\/th>\r\n  <td>Informe Anal\u00edtico de la Deuda y Otros Pasivos julio  <\/td>\r\n  <td><p><a href=\"https:\/\/www.opb.gob.mx\/portal\/wp-content\/uploads\/2022\/dif\/2023\/IADYOPP\/julio.pdf\">\r\n  <img loading=\"lazy\" src=\"https:\/\/i2.wp.com\/www.opb.gob.mx\/portal\/wp-content\/uploads\/2020\/06\/icon_pdf_png.png?resize=32%2C32\" alt=\"documento\" width=\"32 px\" height=\"32\"  data-recalc-dims=\"1\">\r\n  <\/a><\/p><\/td>\r\n  <\/tr>\r\n  <tr>\r\n  <th scope=\"row\">8<\/th>\r\n  <td>Informe Anal\u00edtico de la Deuda y Otros Pasivos agosto  <\/td>\r\n  <td><p><a href=\"https:\/\/www.opb.gob.mx\/portal\/wp-content\/uploads\/2022\/dif\/2023\/IADYOPP\/agosto.pdf\">\r\n  <img loading=\"lazy\" src=\"https:\/\/i2.wp.com\/www.opb.gob.mx\/portal\/wp-content\/uploads\/2020\/06\/icon_pdf_png.png?resize=32%2C32\" alt=\"documento\" width=\"32 px\" height=\"32\"  data-recalc-dims=\"1\">\r\n  <\/a><\/p><\/td>\r\n  <\/tr>\r\n  <tr>\r\n  <th scope=\"row\">9<\/th>\r\n  <td>Informe Anal\u00edtico de la Deuda y Otros Pasivos septiembre  <\/td>\r\n  <td><p><a href=\"https:\/\/www.opb.gob.mx\/portal\/wp-content\/uploads\/2022\/dif\/2023\/IADYOPP\/septiembre.pdf\">\r\n  <img loading=\"lazy\" src=\"https:\/\/i2.wp.com\/www.opb.gob.mx\/portal\/wp-content\/uploads\/2020\/06\/icon_pdf_png.png?resize=32%2C32\" alt=\"documento\" width=\"32 px\" height=\"32\"  data-recalc-dims=\"1\">\r\n  <\/a><\/p><\/td>\r\n  <\/tr>\r\n\r\n  <tr>\r\n  <th scope=\"row\">10<\/th>\r\n  <td>Informe Anal\u00edtico de la Deuda y Otros Pasivos octubre  <\/td>\r\n  <td><p><a href=\"http:\/\/www.opb.gob.mx\/portal\/wp-content\/uploads\/2022\/dif\/2023\/IADYOPP\/Octubre.pdf\">\r\n  <img loading=\"lazy\" src=\"https:\/\/i2.wp.com\/www.opb.gob.mx\/portal\/wp-content\/uploads\/2020\/06\/icon_pdf_png.png?resize=32%2C32\" alt=\"documento\" width=\"32 px\" height=\"32\"  data-recalc-dims=\"1\">\r\n  <\/a><\/p><\/td>\r\n  <\/tr>\r\n  <tr>\r\n  <th scope=\"row\">11<\/th>\r\n  <td>Informe Anal\u00edtico de la Deuda y Otros Pasivos noviembre  <\/td>\r\n  <td><p><a href=\"http:\/\/www.opb.gob.mx\/portal\/wp-content\/uploads\/2022\/dif\/2023\/IADYOPP\/Noviembre.pdf\">\r\n  <img loading=\"lazy\" src=\"https:\/\/i2.wp.com\/www.opb.gob.mx\/portal\/wp-content\/uploads\/2020\/06\/icon_pdf_png.png?resize=32%2C32\" alt=\"documento\" width=\"32 px\" height=\"32\"  data-recalc-dims=\"1\">\r\n  <\/a><\/p><\/td>\r\n  <\/tr>\r\n  <tr>\r\n  <th scope=\"row\">12<\/th>\r\n  <td>Informe Anal\u00edtico de la Deuda y Otros Pasivos diciembre  <\/td>\r\n  <td><p><a href=\"http:\/\/www.opb.gob.mx\/portal\/wp-content\/uploads\/2022\/dif\/2023\/IADYOPP\/Diciembre.pdf\">\r\n  <img loading=\"lazy\" src=\"https:\/\/i2.wp.com\/www.opb.gob.mx\/portal\/wp-content\/uploads\/2020\/06\/icon_pdf_png.png?resize=32%2C32\" alt=\"documento\" width=\"32 px\" height=\"32\"  data-recalc-dims=\"1\">\r\n  <\/a><\/p><\/td>\r\n  <\/tr>\r\n  \r\n  <\/tbody>\r\n  <\/table>\r\n\r\n    <\/div>\r\n    \r\n  <\/div>\r\n  <div id=\"accordion_3\">\r\n    <h3>Estado Anal\u00edtico de Ingreso Detallado\r\n  <\/h3>\r\n\r\n    <div>\r\n      <table class=\"table table-hover\">\r\n  <thead>\r\n  <tr>\r\n  <th scope=\"col\">#<\/th>\r\n  <th scope=\"col\">Mensual<\/th>\r\n  <th scope=\"col\">Descarga<\/th>\r\n  <\/tr>\r\n  <\/thead>\r\n  <tbody>\r\n  <tr>\r\n\r\n\r\n  <th scope=\"row\">1<\/th>\r\n  <td>Estado Anal\u00edtico de Ingresos Detallado enero <\/td>\r\n  <td><p><a href=\"http:\/\/www.opb.gob.mx\/portal\/wp-content\/uploads\/2022\/dif\/2023\/EAID\/enero.pdf\">\r\n  <img loading=\"lazy\" src=\"https:\/\/i2.wp.com\/www.opb.gob.mx\/portal\/wp-content\/uploads\/2020\/06\/icon_pdf_png.png?resize=32%2C32\" alt=\"documento\" width=\"32 px\" height=\"32\"  data-recalc-dims=\"1\">\r\n  <\/a><\/p><\/td>\r\n  <\/tr>\r\n  <tr>\r\n  <th scope=\"row\">2<\/th>\r\n  <td>Estado Anal\u00edtico de Ingresos Detallado febrero<\/td>\r\n  <td><p><a href=\"http:\/\/www.opb.gob.mx\/portal\/wp-content\/uploads\/2022\/dif\/2023\/EAID\/febrero.pdf\">\r\n  <img loading=\"lazy\" src=\"https:\/\/i2.wp.com\/www.opb.gob.mx\/portal\/wp-content\/uploads\/2020\/06\/icon_pdf_png.png?resize=32%2C32\" alt=\"documento\" width=\"32 px\" height=\"32\"  data-recalc-dims=\"1\">\r\n  <\/a><\/p><\/td>\r\n  <\/tr>\r\n  <tr>\r\n  <th scope=\"row\">3<\/th>\r\n  <td>Estado Anal\u00edtico de Ingresos Detallado marzo<\/td>\r\n  <td><p><a href=\"http:\/\/www.opb.gob.mx\/portal\/wp-content\/uploads\/2022\/dif\/2023\/EAID\/marzo.pdf\">\r\n  <img loading=\"lazy\" src=\"https:\/\/i2.wp.com\/www.opb.gob.mx\/portal\/wp-content\/uploads\/2020\/06\/icon_pdf_png.png?resize=32%2C32\" alt=\"documento\" width=\"32 px\" height=\"32\"  data-recalc-dims=\"1\">\r\n  <\/a><\/p><\/td>\r\n\r\n  <tr>\r\n  <th scope=\"row\">4<\/th>\r\n  <td>Estado Anal\u00edtico de Ingresos Detallado abril<\/td>\r\n  <td><p><a href=\"http:\/\/www.opb.gob.mx\/portal\/wp-content\/uploads\/2022\/dif\/2023\/EAID\/abril_2023.pdf\">\r\n  <img loading=\"lazy\" src=\"https:\/\/i2.wp.com\/www.opb.gob.mx\/portal\/wp-content\/uploads\/2020\/06\/icon_pdf_png.png?resize=32%2C32\" alt=\"documento\" width=\"32 px\" height=\"32\"  data-recalc-dims=\"1\">\r\n  <\/a><\/p><\/td>\r\n  <\/tr>\r\n  <tr>\r\n  <th scope=\"row\">5<\/th>\r\n  <td>Estado Anal\u00edtico de Ingresos Detallado mayo<\/td>\r\n  <td><p><a href=\"http:\/\/www.opb.gob.mx\/portal\/wp-content\/uploads\/2022\/dif\/2023\/EAID\/mayo_2023.pdf\">\r\n  <img loading=\"lazy\" src=\"https:\/\/i2.wp.com\/www.opb.gob.mx\/portal\/wp-content\/uploads\/2020\/06\/icon_pdf_png.png?resize=32%2C32\" alt=\"documento\" width=\"32 px\" height=\"32\"  data-recalc-dims=\"1\">\r\n  <\/a><\/p><\/td>\r\n  <\/tr>\r\n  <tr>\r\n  <th scope=\"row\">6<\/th>\r\n  <td>Estado Anal\u00edtico de Ingresos Detallado junio<\/td>\r\n  <td><p><a href=\"http:\/\/www.opb.gob.mx\/portal\/wp-content\/uploads\/2022\/dif\/2023\/EAID\/junio_2023.pdf\">\r\n  <img loading=\"lazy\" src=\"https:\/\/i2.wp.com\/www.opb.gob.mx\/portal\/wp-content\/uploads\/2020\/06\/icon_pdf_png.png?resize=32%2C32\" alt=\"documento\" width=\"32 px\" height=\"32\"  data-recalc-dims=\"1\">\r\n  <\/a><\/p><\/td>\r\n  <\/tr>\r\n  \r\n  <tr>\r\n  <th scope=\"row\">7<\/th>\r\n  <td>Estado Anal\u00edtico de Ingresos Detallado julio<\/td>\r\n  <td><p><a href=\"https:\/\/www.opb.gob.mx\/portal\/wp-content\/uploads\/2022\/dif\/2023\/EAID\/julio.pdf\">\r\n  <img loading=\"lazy\" src=\"https:\/\/i2.wp.com\/www.opb.gob.mx\/portal\/wp-content\/uploads\/2020\/06\/icon_pdf_png.png?resize=32%2C32\" alt=\"documento\" width=\"32 px\" height=\"32\"  data-recalc-dims=\"1\">\r\n  <\/a><\/p><\/td>\r\n  <\/tr>\r\n  <tr>\r\n  <th scope=\"row\">8<\/th>\r\n  <td>Estado Anal\u00edtico de Ingresos Detallado agosto<\/td>\r\n  <td><p><a href=\"https:\/\/www.opb.gob.mx\/portal\/wp-content\/uploads\/2022\/dif\/2023\/EAID\/agosto.pdf\">\r\n  <img loading=\"lazy\" src=\"https:\/\/i2.wp.com\/www.opb.gob.mx\/portal\/wp-content\/uploads\/2020\/06\/icon_pdf_png.png?resize=32%2C32\" alt=\"documento\" width=\"32 px\" height=\"32\"  data-recalc-dims=\"1\">\r\n  <\/a><\/p><\/td>\r\n  <\/tr>\r\n  <tr>\r\n  <th scope=\"row\">9<\/th>\r\n  <td>Estado Anal\u00edtico de Ingresos Detallado septiembre<\/td>\r\n  <td><p><a href=\"https:\/\/www.opb.gob.mx\/portal\/wp-content\/uploads\/2022\/dif\/2023\/EAID\/septiembre.pdf\">\r\n  <img loading=\"lazy\" src=\"https:\/\/i2.wp.com\/www.opb.gob.mx\/portal\/wp-content\/uploads\/2020\/06\/icon_pdf_png.png?resize=32%2C32\" alt=\"documento\" width=\"32 px\" height=\"32\"  data-recalc-dims=\"1\">\r\n  <\/a><\/p><\/td>\r\n  <\/tr>\r\n\r\n  <tr>\r\n  <th scope=\"row\">10<\/th>\r\n  <td>Estado Anal\u00edtico de Ingresos Detallado octubre<\/td>\r\n  <td><p><a href=\"http:\/\/www.opb.gob.mx\/portal\/wp-content\/uploads\/2022\/dif\/2023\/EAID\/Octubre.pdf\">\r\n  <img loading=\"lazy\" src=\"https:\/\/i2.wp.com\/www.opb.gob.mx\/portal\/wp-content\/uploads\/2020\/06\/icon_pdf_png.png?resize=32%2C32\" alt=\"documento\" width=\"32 px\" height=\"32\"  data-recalc-dims=\"1\">\r\n  <\/a><\/p><\/td>\r\n  <\/tr>\r\n  <tr>\r\n  <th scope=\"row\">11<\/th>\r\n  <td>Estado Anal\u00edtico de Ingresos Detallado noviembre<\/td>\r\n  <td><p><a href=\"http:\/\/www.opb.gob.mx\/portal\/wp-content\/uploads\/2022\/dif\/2023\/EAID\/Noviembre.pdf\">\r\n  <img loading=\"lazy\" src=\"https:\/\/i2.wp.com\/www.opb.gob.mx\/portal\/wp-content\/uploads\/2020\/06\/icon_pdf_png.png?resize=32%2C32\" alt=\"documento\" width=\"32 px\" height=\"32\"  data-recalc-dims=\"1\">\r\n  <\/a><\/p><\/td>\r\n  <\/tr>\r\n  <tr>\r\n  <th scope=\"row\">12<\/th>\r\n  <td>Estado Anal\u00edtico de Ingresos Detallado diciembre<\/td>\r\n  <td><p><a href=\"http:\/\/www.opb.gob.mx\/portal\/wp-content\/uploads\/2022\/dif\/2023\/EAID\/Diciembre.pdf\">\r\n  <img loading=\"lazy\" src=\"https:\/\/i2.wp.com\/www.opb.gob.mx\/portal\/wp-content\/uploads\/2020\/06\/icon_pdf_png.png?resize=32%2C32\" alt=\"documento\" width=\"32 px\" height=\"32\"  data-recalc-dims=\"1\">\r\n  <\/a><\/p><\/td>\r\n  <\/tr>\r\n  \r\n  <\/tbody>\r\n  <\/table>\r\n\r\n\r\n    <\/div>\r\n    \r\n  <\/div>\r\n<div id=\"accordion_4\">\r\n    <h3>CUENTA P\u00daBLICA 2023\r\n  <\/h3>\r\n    <div>\r\n      <table class=\"table table-hover\">\r\n  <thead>\r\n  <tr>\r\n\r\n\r\n\r\n  <th scope=\"col\">#<\/th>\r\n  <th scope=\"col\">Anual<\/th>\r\n  <th scope=\"col\">Descarga<\/th>\r\n  <\/tr>\r\n  <\/thead>\r\n  <tbody>\r\n  <tr>\r\n\r\n\r\n  <th scope=\"row\">1<\/th>\r\n  <td>CUENTA P\u00daBLICA 2023<\/td>\r\n  <td><p><a href=\"https:\/\/www.opb.gob.mx\/portal\/wp-content\/uploads\/2022\/dif\/2023\/cuenta\/CUENTA%20PUBLICA%202023.pdf\">\r\n  <img loading=\"lazy\" src=\"https:\/\/i2.wp.com\/www.opb.gob.mx\/portal\/wp-content\/uploads\/2020\/06\/icon_pdf_png.png?resize=32%2C32\" alt=\"documento\" width=\"32 px\" height=\"32\"  data-recalc-dims=\"1\">\r\n  <\/a><\/p><\/td>\r\n  <\/tr>\r\n  \r\n  <\/tbody>\r\n  <\/table>\r\n\r\n\r\n    <\/div>\r\n    \r\n  <\/div>\r\n  \r\n  <\/tbody>\r\n  <\/table>\r\n\t\t<\/div>\n\t\t\t\t<\/div>\n\t\t\t\t\t\t<\/div>\n\t\t\t\t\t<\/div>\n\t\t<\/div>\n\t\t\t\t\t\t\t\t<\/div>\n\t\t\t\t\t<\/div>\n\t\t<\/section>\n\t\t\t\t<section class=\"elementor-section elementor-top-section elementor-element elementor-element-41ff336 elementor-section-boxed elementor-section-height-default elementor-section-height-default\" data-id=\"41ff336\" data-element_type=\"section\">\n\t\t\t\t\t\t<div class=\"elementor-container elementor-column-gap-default\">\n\t\t\t\t\t\t\t<div class=\"elementor-row\">\n\t\t\t\t\t<div class=\"elementor-column elementor-col-100 elementor-top-column elementor-element elementor-element-21f9280\" data-id=\"21f9280\" data-element_type=\"column\">\n\t\t\t<div class=\"elementor-column-wrap\">\n\t\t\t\t\t\t\t<div class=\"elementor-widget-wrap\">\n\t\t\t\t\t\t\t\t<\/div>\n\t\t\t\t\t<\/div>\n\t\t<\/div>\n\t\t\t\t\t\t\t\t<\/div>\n\t\t\t\t\t<\/div>\n\t\t<\/section>\n\t\t\t\t<section class=\"elementor-section elementor-top-section elementor-element elementor-element-3f7e53d elementor-section-boxed elementor-section-height-default elementor-section-height-default\" data-id=\"3f7e53d\" data-element_type=\"section\">\n\t\t\t\t\t\t<div class=\"elementor-container elementor-column-gap-default\">\n\t\t\t\t\t\t\t<div class=\"elementor-row\">\n\t\t\t\t\t<div class=\"elementor-column elementor-col-100 elementor-top-column elementor-element elementor-element-7824a66\" data-id=\"7824a66\" data-element_type=\"column\">\n\t\t\t<div class=\"elementor-column-wrap elementor-element-populated\">\n\t\t\t\t\t\t\t<div class=\"elementor-widget-wrap\">\n\t\t\t\t\t\t<div class=\"elementor-element elementor-element-3b4cb46 elementor-widget elementor-widget-image\" data-id=\"3b4cb46\" data-element_type=\"widget\" data-widget_type=\"image.default\">\n\t\t\t\t<div class=\"elementor-widget-container\">\n\t\t\t\t\t<div class=\"elementor-image\">\n\t\t\t\t\t\t\t\t\t\t<img width=\"766\" height=\"456\" src=\"http:\/\/www.opb.gob.mx\/portal\/wp-content\/uploads\/2022\/02\/logo_opb_white-766x456.png\" class=\"attachment-medium size-medium\" alt=\"\" loading=\"lazy\" \/>\t\t\t\t\t\t\t\t\t\t\t<\/div>\n\t\t\t\t<\/div>\n\t\t\t\t<\/div>\n\t\t\t\t\t\t<\/div>\n\t\t\t\t\t<\/div>\n\t\t<\/div>\n\t\t\t\t\t\t\t\t<\/div>\n\t\t\t\t\t<\/div>\n\t\t<\/section>\n\t\t\t\t\t\t<\/div>\n\t\t\t\t\t\t<\/div>\n\t\t\t\t\t<\/div>\n\t\t","protected":false},"excerpt":{"rendered":"<p>Estado de Situaci\u00f3n Financiera # Mensual Descarga 1 Estado de Situaci\u00f3n Financiera enero 2 Estado de Situaci\u00f3n Financiera febrero 3 Estado de Situaci\u00f3n Financiera marzo 4 Estado de Situaci\u00f3n Financiera abril 5 Estado de Situaci\u00f3n Financiera mayo 6 Estado de Situaci\u00f3n Financiera junio 7 Estado de Situaci\u00f3n Financiera julio 8 Estado de Situaci\u00f3n Financiera agosto<\/p>\n","protected":false},"author":1,"featured_media":0,"parent":0,"menu_order":0,"comment_status":"closed","ping_status":"closed","template":"","meta":[],"_links":{"self":[{"href":"http:\/\/www.opb.gob.mx\/portal\/index.php?rest_route=\/wp\/v2\/pages\/27179"}],"collection":[{"href":"http:\/\/www.opb.gob.mx\/portal\/index.php?rest_route=\/wp\/v2\/pages"}],"about":[{"href":"http:\/\/www.opb.gob.mx\/portal\/index.php?rest_route=\/wp\/v2\/types\/page"}],"author":[{"embeddable":true,"href":"http:\/\/www.opb.gob.mx\/portal\/index.php?rest_route=\/wp\/v2\/users\/1"}],"replies":[{"embeddable":true,"href":"http:\/\/www.opb.gob.mx\/portal\/index.php?rest_route=%2Fwp%2Fv2%2Fcomments&post=27179"}],"version-history":[{"count":14,"href":"http:\/\/www.opb.gob.mx\/portal\/index.php?rest_route=\/wp\/v2\/pages\/27179\/revisions"}],"predecessor-version":[{"id":28763,"href":"http:\/\/www.opb.gob.mx\/portal\/index.php?rest_route=\/wp\/v2\/pages\/27179\/revisions\/28763"}],"wp:attachment":[{"href":"http:\/\/www.opb.gob.mx\/portal\/index.php?rest_route=%2Fwp%2Fv2%2Fmedia&parent=27179"}],"curies":[{"name":"wp","href":"https:\/\/api.w.org\/{rel}","templated":true}]}}