{"id":12411,"date":"2019-10-31T09:42:58","date_gmt":"2019-10-31T09:42:58","guid":{"rendered":"https:\/\/elementor.zozothemes.com\/egovenz\/?page_id=12411"},"modified":"2019-10-31T09:42:58","modified_gmt":"2019-10-31T09:42:58","slug":"notices","status":"publish","type":"page","link":"https:\/\/www.opb.gob.mx\/portal\/?page_id=12411","title":{"rendered":"Notices"},"content":{"rendered":"\t\t<div data-elementor-type=\"wp-page\" data-elementor-id=\"12411\" class=\"elementor elementor-12411\" data-elementor-settings=\"[]\">\n\t\t\t\t\t\t<div class=\"elementor-inner\">\n\t\t\t\t\t\t\t<div class=\"elementor-section-wrap\">\n\t\t\t\t\t\t\t<section class=\"elementor-section elementor-inner-section elementor-element elementor-element-4e9f9c5 elementor-section-boxed elementor-section-height-default elementor-section-height-default\" data-id=\"4e9f9c5\" data-element_type=\"section\">\n\t\t\t\t\t\t<div class=\"elementor-container elementor-column-gap-default\">\n\t\t\t\t\t\t\t<div class=\"elementor-row\">\n\t\t\t\t\t<div class=\"elementor-column elementor-col-100 elementor-inner-column elementor-element elementor-element-bf1eaf9\" data-id=\"bf1eaf9\" data-element_type=\"column\">\n\t\t\t<div class=\"elementor-column-wrap elementor-element-populated\">\n\t\t\t\t\t\t\t<div class=\"elementor-widget-wrap\">\n\t\t\t\t\t\t<div class=\"elementor-element elementor-element-0975571 elementor-widget elementor-widget-egovenzsectiontitle\" data-id=\"0975571\" data-element_type=\"widget\" data-widget_type=\"egovenzsectiontitle.default\">\n\t\t\t\t<div class=\"elementor-widget-container\">\n\t\t\t<div class=\"section-title-wrapper margin-bottom-0\"><div class=\"title-wrap\"><h3 class=\"section-title\">Latest Notices From Goverment<\/h3><span class=\"title-separator separator-border theme-color-bg\"><\/span><\/div><!-- .title-wrap --><div class=\"section-description\"><\/div><!-- .section-description --><\/div><!-- .section-title-wrapper -->\t\t<\/div>\n\t\t\t\t<\/div>\n\t\t\t\t\t\t<\/div>\n\t\t\t\t\t<\/div>\n\t\t<\/div>\n\t\t\t\t\t\t\t\t<\/div>\n\t\t\t\t\t<\/div>\n\t\t<\/section>\n\t\t\t\t<section class=\"elementor-section elementor-top-section elementor-element elementor-element-2761d68 elementor-section-boxed elementor-section-height-default elementor-section-height-default\" data-id=\"2761d68\" data-element_type=\"section\">\n\t\t\t\t\t\t<div class=\"elementor-container elementor-column-gap-default\">\n\t\t\t\t\t\t\t<div class=\"elementor-row\">\n\t\t\t\t\t<div class=\"elementor-column elementor-col-100 elementor-top-column elementor-element elementor-element-53c8f90\" data-id=\"53c8f90\" data-element_type=\"column\">\n\t\t\t<div class=\"elementor-column-wrap elementor-element-populated\">\n\t\t\t\t\t\t\t<div class=\"elementor-widget-wrap\">\n\t\t\t\t\t\t<section class=\"elementor-section elementor-inner-section elementor-element elementor-element-362f0d2 elementor-section-boxed elementor-section-height-default elementor-section-height-default\" data-id=\"362f0d2\" data-element_type=\"section\">\n\t\t\t\t\t\t<div class=\"elementor-container elementor-column-gap-default\">\n\t\t\t\t\t\t\t<div class=\"elementor-row\">\n\t\t\t\t\t<div class=\"elementor-column elementor-col-100 elementor-inner-column elementor-element elementor-element-d104db5\" data-id=\"d104db5\" data-element_type=\"column\">\n\t\t\t<div class=\"elementor-column-wrap elementor-element-populated\">\n\t\t\t\t\t\t\t<div class=\"elementor-widget-wrap\">\n\t\t\t\t\t\t<div class=\"elementor-element elementor-element-be9cf58 elementor-widget elementor-widget-egovenzblog\" data-id=\"be9cf58\" data-element_type=\"widget\" data-widget_type=\"egovenzblog.default\">\n\t\t\t\t\r\n\t\t<div class=\"elementor-widget-container blog-wrapper blog-style-list blog-light blog-normal-model shortcode-rand-1 egovenz-inline-css\" data-css=\"&quot;.shortcode-rand-1.blog-wrapper .blog-inner .media &gt; .media-body &gt; *:nth-child(1) { margin-bottom: 10px; }.shortcode-rand-1.blog-wrapper .blog-inner .media &gt; .media-body &gt; *:nth-child(2) { margin-bottom: 10px; }.shortcode-rand-1.blog-wrapper .blog-inner .media &gt; .media-body &gt; *:nth-child(3) { margin-bottom: 20px; }&quot;\">\r\n\t\t\r\n\t\t\t<div class=\"row\"><div class=\"col-lg-12 col-md-12\"><div class=\"blog-inner\"><div class=\"media\"><div class=\"post-thumb post-overlay-active\"><img loading=\"lazy\" height=\"548\" width=\"767\" class=\"img-fluid\" alt=\"Impulso al deporte: Ayuntamiento entrega cancha de f\u00fatbol 7 en Ucum.\" src=\"https:\/\/www.opb.gob.mx\/portal\/wp-content\/uploads\/2026\/04\/61af4e13-f7e5-4b45-b9b7-877dab0eb4b5-scaled-767x548.jpeg\"\/><div class=\"post-overlay-items\"><div class=\"post-category\"><span class=\"before-icon ti-folder\"><\/span><a href=\"https:\/\/www.opb.gob.mx\/portal\/?cat=39\">Obras p\u00fablicas<\/a>,<a href=\"https:\/\/www.opb.gob.mx\/portal\/?cat=27\">prensa<\/a><\/div><\/div><\/div><!-- .post-thumb --><div class=\"media-body\"><div class=\"top-meta clearfix\"><ul class=\"nav top-meta-list meta-left\"><li><div class=\"post-date\"><a href=\"https:\/\/www.opb.gob.mx\/portal\/?m=20260412\" ><i class=\"ti-calendar\"><\/i> 12 abril, 2026<\/a><\/div><\/li><\/ul><\/div><div class=\"entry-title\"><h5 class=\"post-title-head\"><a href=\"https:\/\/www.opb.gob.mx\/portal\/?p=30060\" class=\"post-title\">Impulso al deporte: Ayuntamiento entrega cancha de f\u00fatbol 7 en Ucum.<\/a><\/h5><\/div><!-- .entry-title --><div class=\"post-excerpt\"><p>La presidenta municipal, Yensunni Mart\u00ednez Hern\u00e1ndez, entreg\u00f3 una nueva cancha de f\u00fatbol 7 en la comunidad de Ucum, una obra que representa un sue\u00f1o<\/p>\n<\/div><!-- .post-excerpt --><div class=\"bottom-meta clearfix\"><ul class=\"nav bottom-meta-list meta-left\"><li><div class=\"post-more\"><a class=\"read-more\" href=\"https:\/\/www.opb.gob.mx\/portal\/?p=30060\">Read More<\/a><\/div><\/li><\/ul><\/div><\/div><!-- .media-body --><\/div><!-- .media --><\/div><!-- .blog-inner --><\/div><!-- .col \/ .owl-carousel-item \/ .isotope --><\/div><!-- .row --><div class=\"row\"><div class=\"col-lg-12 col-md-12\"><div class=\"blog-inner\"><div class=\"media\"><div class=\"post-thumb post-overlay-active\"><img loading=\"lazy\" height=\"548\" width=\"767\" class=\"img-fluid\" alt=\"\u00a1Conoce a las ni\u00f1as y los ni\u00f1os que integrar\u00e1n nuestro Cabildo Infantil por un D\u00eda 2026!\ud83d\udc67\ud83c\udffb\ud83d\udc66\ud83c\udffb\" src=\"https:\/\/www.opb.gob.mx\/portal\/wp-content\/uploads\/2026\/04\/8-2-767x548.jpeg\"\/><div class=\"post-overlay-items\"><div class=\"post-category\"><span class=\"before-icon ti-folder\"><\/span><a href=\"https:\/\/www.opb.gob.mx\/portal\/?cat=27\">prensa<\/a><\/div><\/div><\/div><!-- .post-thumb --><div class=\"media-body\"><div class=\"top-meta clearfix\"><ul class=\"nav top-meta-list meta-left\"><li><div class=\"post-date\"><a href=\"https:\/\/www.opb.gob.mx\/portal\/?m=20260410\" ><i class=\"ti-calendar\"><\/i> 10 abril, 2026<\/a><\/div><\/li><\/ul><\/div><div class=\"entry-title\"><h5 class=\"post-title-head\"><a href=\"https:\/\/www.opb.gob.mx\/portal\/?p=30047\" class=\"post-title\">\u00a1Conoce a las ni\u00f1as y los ni\u00f1os que integrar\u00e1n nuestro Cabildo Infantil por un D\u00eda 2026!\ud83d\udc67\ud83c\udffb\ud83d\udc66\ud83c\udffb<\/a><\/h5><\/div><!-- .entry-title --><div class=\"post-excerpt\"><p>\u00a1Peque\u00f1os l\u00edderes, que con sus ideas innovadoras y propuestas creativas, est\u00e1n listos para ser parte de la transformaci\u00f3n de nuestro municipio!\ud83d\udc67\ud83c\udffb\ud83d\udc66\ud83c\udffb<\/p>\n<\/div><!-- .post-excerpt --><div class=\"bottom-meta clearfix\"><ul class=\"nav bottom-meta-list meta-left\"><li><div class=\"post-more\"><a class=\"read-more\" href=\"https:\/\/www.opb.gob.mx\/portal\/?p=30047\">Read More<\/a><\/div><\/li><\/ul><\/div><\/div><!-- .media-body --><\/div><!-- .media --><\/div><!-- .blog-inner --><\/div><!-- .col \/ .owl-carousel-item \/ .isotope --><\/div><!-- .row --><div class=\"row\"><div class=\"col-lg-12 col-md-12\"><div class=\"blog-inner\"><div class=\"media\"><div class=\"post-thumb post-overlay-active\"><img loading=\"lazy\" height=\"548\" width=\"767\" class=\"img-fluid\" alt=\"Refuerza Yensunni Mart\u00ednez servicios p\u00fablicos con nuevo equipo en operaci\u00f3n.\" src=\"https:\/\/www.opb.gob.mx\/portal\/wp-content\/uploads\/2026\/04\/2-2-767x548.jpeg\"\/><div class=\"post-overlay-items\"><div class=\"post-category\"><span class=\"before-icon ti-folder\"><\/span><a href=\"https:\/\/www.opb.gob.mx\/portal\/?cat=27\">prensa<\/a><\/div><\/div><\/div><!-- .post-thumb --><div class=\"media-body\"><div class=\"top-meta clearfix\"><ul class=\"nav top-meta-list meta-left\"><li><div class=\"post-date\"><a href=\"https:\/\/www.opb.gob.mx\/portal\/?m=20260410\" ><i class=\"ti-calendar\"><\/i> 10 abril, 2026<\/a><\/div><\/li><\/ul><\/div><div class=\"entry-title\"><h5 class=\"post-title-head\"><a href=\"https:\/\/www.opb.gob.mx\/portal\/?p=30035\" class=\"post-title\">Refuerza Yensunni Mart\u00ednez servicios p\u00fablicos con nuevo equipo en operaci\u00f3n.<\/a><\/h5><\/div><!-- .entry-title --><div class=\"post-excerpt\"><p>Chetumal, 10 de abril. Con la puesta en marcha de una nueva maquinaria tipo \u201cdrill\u201d para la limpieza y mantenimiento de pozos profundos, el<\/p>\n<\/div><!-- .post-excerpt --><div class=\"bottom-meta clearfix\"><ul class=\"nav bottom-meta-list meta-left\"><li><div class=\"post-more\"><a class=\"read-more\" href=\"https:\/\/www.opb.gob.mx\/portal\/?p=30035\">Read More<\/a><\/div><\/li><\/ul><\/div><\/div><!-- .media-body --><\/div><!-- .media --><\/div><!-- .blog-inner --><\/div><!-- .col \/ .owl-carousel-item \/ .isotope --><\/div><!-- .row --><div class=\"row\"><div class=\"col-lg-12 col-md-12\"><div class=\"blog-inner\"><div class=\"media\"><div class=\"post-thumb post-overlay-active\"><img loading=\"lazy\" height=\"548\" width=\"767\" class=\"img-fluid\" alt=\"Invita Gobierno Municipal a adoptar y brindar un hogar a animales de compa\u00f1\u00eda rescatados.\" src=\"https:\/\/www.opb.gob.mx\/portal\/wp-content\/uploads\/2026\/04\/IMG_0096-767x548.jpeg\"\/><div class=\"post-overlay-items\"><div class=\"post-category\"><span class=\"before-icon ti-folder\"><\/span><a href=\"https:\/\/www.opb.gob.mx\/portal\/?cat=27\">prensa<\/a><\/div><\/div><\/div><!-- .post-thumb --><div class=\"media-body\"><div class=\"top-meta clearfix\"><ul class=\"nav top-meta-list meta-left\"><li><div class=\"post-date\"><a href=\"https:\/\/www.opb.gob.mx\/portal\/?m=20260406\" ><i class=\"ti-calendar\"><\/i> 6 abril, 2026<\/a><\/div><\/li><\/ul><\/div><div class=\"entry-title\"><h5 class=\"post-title-head\"><a href=\"https:\/\/www.opb.gob.mx\/portal\/?p=30015\" class=\"post-title\">Invita Gobierno Municipal a adoptar y brindar un hogar a animales de compa\u00f1\u00eda rescatados.<\/a><\/h5><\/div><!-- .entry-title --><div class=\"post-excerpt\"><p>Chetumal, 6 de abril. Con el compromiso de fomentar el bienestar animal, el Ayuntamiento de Oth\u00f3n P. Blanco invita a la ciudadan\u00eda a participar<\/p>\n<\/div><!-- .post-excerpt --><div class=\"bottom-meta clearfix\"><ul class=\"nav bottom-meta-list meta-left\"><li><div class=\"post-more\"><a class=\"read-more\" href=\"https:\/\/www.opb.gob.mx\/portal\/?p=30015\">Read More<\/a><\/div><\/li><\/ul><\/div><\/div><!-- .media-body --><\/div><!-- .media --><\/div><!-- .blog-inner --><\/div><!-- .col \/ .owl-carousel-item \/ .isotope --><\/div><!-- .row --><div class=\"row\"><div class=\"col-lg-12 col-md-12\"><div class=\"blog-inner\"><div class=\"media\"><div class=\"post-thumb post-overlay-active\"><img loading=\"lazy\" height=\"548\" width=\"767\" class=\"img-fluid\" alt=\"Lleva gobierno municipal atenci\u00f3n integral a Fraternidad Antorchista.\" src=\"https:\/\/www.opb.gob.mx\/portal\/wp-content\/uploads\/2026\/04\/IMG_0084-767x548.jpeg\"\/><div class=\"post-overlay-items\"><div class=\"post-category\"><span class=\"before-icon ti-folder\"><\/span><a href=\"https:\/\/www.opb.gob.mx\/portal\/?cat=27\">prensa<\/a><\/div><\/div><\/div><!-- .post-thumb --><div class=\"media-body\"><div class=\"top-meta clearfix\"><ul class=\"nav top-meta-list meta-left\"><li><div class=\"post-date\"><a href=\"https:\/\/www.opb.gob.mx\/portal\/?m=20260405\" ><i class=\"ti-calendar\"><\/i> 5 abril, 2026<\/a><\/div><\/li><\/ul><\/div><div class=\"entry-title\"><h5 class=\"post-title-head\"><a href=\"https:\/\/www.opb.gob.mx\/portal\/?p=30007\" class=\"post-title\">Lleva gobierno municipal atenci\u00f3n integral a Fraternidad Antorchista.<\/a><\/h5><\/div><!-- .entry-title --><div class=\"post-excerpt\"><p>El Ayuntamiento de Oth\u00f3n P. Blanco, encabezado por la presidenta municipal Yensunni Mart\u00ednez, llev\u00f3 a cabo una jornada de atenci\u00f3n integral en la colonia<\/p>\n<\/div><!-- .post-excerpt --><div class=\"bottom-meta clearfix\"><ul class=\"nav bottom-meta-list meta-left\"><li><div class=\"post-more\"><a class=\"read-more\" href=\"https:\/\/www.opb.gob.mx\/portal\/?p=30007\">Read More<\/a><\/div><\/li><\/ul><\/div><\/div><!-- .media-body --><\/div><!-- .media --><\/div><!-- .blog-inner --><\/div><!-- .col \/ .owl-carousel-item \/ .isotope --><\/div><!-- .row --><div class=\"row\"><div class=\"col-lg-12 col-md-12\"><div class=\"blog-inner\"><div class=\"media\"><div class=\"post-thumb post-overlay-active\"><img loading=\"lazy\" height=\"548\" width=\"767\" class=\"img-fluid\" alt=\"Atiende Ayuntamiento de Oth\u00f3n P. Blanco reporte de \u00e1rbol ca\u00eddo tras lluvias.\" src=\"https:\/\/www.opb.gob.mx\/portal\/wp-content\/uploads\/2026\/04\/IMG_0076-767x548.jpeg\"\/><div class=\"post-overlay-items\"><div class=\"post-category\"><span class=\"before-icon ti-folder\"><\/span><a href=\"https:\/\/www.opb.gob.mx\/portal\/?cat=27\">prensa<\/a><\/div><\/div><\/div><!-- .post-thumb --><div class=\"media-body\"><div class=\"top-meta clearfix\"><ul class=\"nav top-meta-list meta-left\"><li><div class=\"post-date\"><a href=\"https:\/\/www.opb.gob.mx\/portal\/?m=20260402\" ><i class=\"ti-calendar\"><\/i> 2 abril, 2026<\/a><\/div><\/li><\/ul><\/div><div class=\"entry-title\"><h5 class=\"post-title-head\"><a href=\"https:\/\/www.opb.gob.mx\/portal\/?p=30000\" class=\"post-title\">Atiende Ayuntamiento de Oth\u00f3n P. Blanco reporte de \u00e1rbol ca\u00eddo tras lluvias.<\/a><\/h5><\/div><!-- .entry-title --><div class=\"post-excerpt\"><p>Chetumal, 2 de abril. El Ayuntamiento de Oth\u00f3n P. Blanco atendi\u00f3 de manera oportuna el reporte de un \u00e1rbol ca\u00eddo que obstru\u00eda la circulaci\u00f3n<\/p>\n<\/div><!-- .post-excerpt --><div class=\"bottom-meta clearfix\"><ul class=\"nav bottom-meta-list meta-left\"><li><div class=\"post-more\"><a class=\"read-more\" href=\"https:\/\/www.opb.gob.mx\/portal\/?p=30000\">Read More<\/a><\/div><\/li><\/ul><\/div><\/div><!-- .media-body --><\/div><!-- .media --><\/div><!-- .blog-inner --><\/div><!-- .col \/ .owl-carousel-item \/ .isotope --><\/div><!-- .row --><div class=\"row\"><div class=\"col-lg-12 col-md-12\"><div class=\"blog-inner\"><div class=\"media\"><div class=\"post-thumb post-overlay-active\"><img loading=\"lazy\" height=\"548\" width=\"767\" class=\"img-fluid\" alt=\"Rescata Ayuntamiento de Oth\u00f3n P. Blanco a dos perritas en situaci\u00f3n de maltrato; iniciar\u00e1n procesos legales contra quien resulte responsable.\" src=\"https:\/\/www.opb.gob.mx\/portal\/wp-content\/uploads\/2026\/04\/IMG_0074-767x548.jpeg\"\/><div class=\"post-overlay-items\"><div class=\"post-category\"><span class=\"before-icon ti-folder\"><\/span><a href=\"https:\/\/www.opb.gob.mx\/portal\/?cat=27\">prensa<\/a><\/div><\/div><\/div><!-- .post-thumb --><div class=\"media-body\"><div class=\"top-meta clearfix\"><ul class=\"nav top-meta-list meta-left\"><li><div class=\"post-date\"><a href=\"https:\/\/www.opb.gob.mx\/portal\/?m=20260401\" ><i class=\"ti-calendar\"><\/i> 1 abril, 2026<\/a><\/div><\/li><\/ul><\/div><div class=\"entry-title\"><h5 class=\"post-title-head\"><a href=\"https:\/\/www.opb.gob.mx\/portal\/?p=29994\" class=\"post-title\">Rescata Ayuntamiento de Oth\u00f3n P. Blanco a dos perritas en situaci\u00f3n de maltrato; iniciar\u00e1n procesos legales contra quien resulte responsable.<\/a><\/h5><\/div><!-- .entry-title --><div class=\"post-excerpt\"><p>Chetumal, 1 de abril. Derivado de un reporte difundido en redes sociales, la Direcci\u00f3n de Salud del Ayuntamiento de Oth\u00f3n P. Blanco atendi\u00f3 de<\/p>\n<\/div><!-- .post-excerpt --><div class=\"bottom-meta clearfix\"><ul class=\"nav bottom-meta-list meta-left\"><li><div class=\"post-more\"><a class=\"read-more\" href=\"https:\/\/www.opb.gob.mx\/portal\/?p=29994\">Read More<\/a><\/div><\/li><\/ul><\/div><\/div><!-- .media-body --><\/div><!-- .media --><\/div><!-- .blog-inner --><\/div><!-- .col \/ .owl-carousel-item \/ .isotope --><\/div><!-- .row --><div class=\"row\"><div class=\"col-lg-12 col-md-12\"><div class=\"blog-inner\"><div class=\"media\"><div class=\"post-thumb post-overlay-active\"><img loading=\"lazy\" height=\"548\" width=\"767\" class=\"img-fluid\" alt=\"Refuerza Ayuntamiento capacidad operativa de Servicios P\u00fablicos Municipales con nueva gr\u00faa.\" src=\"https:\/\/www.opb.gob.mx\/portal\/wp-content\/uploads\/2026\/03\/2-6-767x548.jpeg\"\/><div class=\"post-overlay-items\"><div class=\"post-category\"><span class=\"before-icon ti-folder\"><\/span><a href=\"https:\/\/www.opb.gob.mx\/portal\/?cat=27\">prensa<\/a><\/div><\/div><\/div><!-- .post-thumb --><div class=\"media-body\"><div class=\"top-meta clearfix\"><ul class=\"nav top-meta-list meta-left\"><li><div class=\"post-date\"><a href=\"https:\/\/www.opb.gob.mx\/portal\/?m=20260330\" ><i class=\"ti-calendar\"><\/i> 30 marzo, 2026<\/a><\/div><\/li><\/ul><\/div><div class=\"entry-title\"><h5 class=\"post-title-head\"><a href=\"https:\/\/www.opb.gob.mx\/portal\/?p=29987\" class=\"post-title\">Refuerza Ayuntamiento capacidad operativa de Servicios P\u00fablicos Municipales con nueva gr\u00faa.<\/a><\/h5><\/div><!-- .entry-title --><div class=\"post-excerpt\"><p>Chetumal, 30 de marzo. \u2014 Para mejorar los servicios de mantenimiento y rehabilitaci\u00f3n del alumbrado p\u00fablico, la presidenta municipal, Yensunni Mart\u00ednez Hern\u00e1ndez, entreg\u00f3 una<\/p>\n<\/div><!-- .post-excerpt --><div class=\"bottom-meta clearfix\"><ul class=\"nav bottom-meta-list meta-left\"><li><div class=\"post-more\"><a class=\"read-more\" href=\"https:\/\/www.opb.gob.mx\/portal\/?p=29987\">Read More<\/a><\/div><\/li><\/ul><\/div><\/div><!-- .media-body --><\/div><!-- .media --><\/div><!-- .blog-inner --><\/div><!-- .col \/ .owl-carousel-item \/ .isotope --><\/div><!-- .row --><div class=\"row\"><div class=\"col-lg-12 col-md-12\"><div class=\"blog-inner\"><div class=\"media\"><div class=\"post-thumb post-overlay-active\"><img loading=\"lazy\" height=\"548\" width=\"767\" class=\"img-fluid\" alt=\"Cabildo distingue a Wilma Contreras Canto y Brenda Hern\u00e1ndez V\u00e1zquez como Mujeres Othonenses 2026.\" src=\"https:\/\/www.opb.gob.mx\/portal\/wp-content\/uploads\/2026\/03\/a168f45f-46b5-40f9-9cec-df3b333c7b47-767x548.jpeg\"\/><div class=\"post-overlay-items\"><div class=\"post-category\"><span class=\"before-icon ti-folder\"><\/span><a href=\"https:\/\/www.opb.gob.mx\/portal\/?cat=27\">prensa<\/a><\/div><\/div><\/div><!-- .post-thumb --><div class=\"media-body\"><div class=\"top-meta clearfix\"><ul class=\"nav top-meta-list meta-left\"><li><div class=\"post-date\"><a href=\"https:\/\/www.opb.gob.mx\/portal\/?m=20260327\" ><i class=\"ti-calendar\"><\/i> 27 marzo, 2026<\/a><\/div><\/li><\/ul><\/div><div class=\"entry-title\"><h5 class=\"post-title-head\"><a href=\"https:\/\/www.opb.gob.mx\/portal\/?p=29972\" class=\"post-title\">Cabildo distingue a Wilma Contreras Canto y Brenda Hern\u00e1ndez V\u00e1zquez como Mujeres Othonenses 2026.<\/a><\/h5><\/div><!-- .entry-title --><div class=\"post-excerpt\"><p>Chetumal, 27 de marzo. En sesi\u00f3n solemne de Cabildo, el Ayuntamiento de Oth\u00f3n P. Blanco reconoci\u00f3 a Wilma Contreras Canto y Brenda Hern\u00e1ndez V\u00e1zquez<\/p>\n<\/div><!-- .post-excerpt --><div class=\"bottom-meta clearfix\"><ul class=\"nav bottom-meta-list meta-left\"><li><div class=\"post-more\"><a class=\"read-more\" href=\"https:\/\/www.opb.gob.mx\/portal\/?p=29972\">Read More<\/a><\/div><\/li><\/ul><\/div><\/div><!-- .media-body --><\/div><!-- .media --><\/div><!-- .blog-inner --><\/div><!-- .col \/ .owl-carousel-item \/ .isotope --><\/div><!-- .row --><div class=\"row\"><div class=\"col-lg-12 col-md-12\"><div class=\"blog-inner\"><div class=\"media\"><div class=\"post-thumb post-overlay-active\"><img loading=\"lazy\" height=\"548\" width=\"767\" class=\"img-fluid\" alt=\"Arranca Operativo de Seguridad Vacaciones Semana Santa 2026 en Oth\u00f3n P. Blanco.\" src=\"https:\/\/www.opb.gob.mx\/portal\/wp-content\/uploads\/2026\/03\/1-10-767x548.jpeg\"\/><div class=\"post-overlay-items\"><div class=\"post-category\"><span class=\"before-icon ti-folder\"><\/span><a href=\"https:\/\/www.opb.gob.mx\/portal\/?cat=27\">prensa<\/a>,<a href=\"https:\/\/www.opb.gob.mx\/portal\/?cat=28\">proteccion-civil<\/a><\/div><\/div><\/div><!-- .post-thumb --><div class=\"media-body\"><div class=\"top-meta clearfix\"><ul class=\"nav top-meta-list meta-left\"><li><div class=\"post-date\"><a href=\"https:\/\/www.opb.gob.mx\/portal\/?m=20260327\" ><i class=\"ti-calendar\"><\/i> 27 marzo, 2026<\/a><\/div><\/li><\/ul><\/div><div class=\"entry-title\"><h5 class=\"post-title-head\"><a href=\"https:\/\/www.opb.gob.mx\/portal\/?p=29956\" class=\"post-title\">Arranca Operativo de Seguridad Vacaciones Semana Santa 2026 en Oth\u00f3n P. Blanco.<\/a><\/h5><\/div><!-- .entry-title --><div class=\"post-excerpt\"><p>Chetumal, 27 de marzo. El Ayuntamiento de Oth\u00f3n P. Blanco puso en marcha el Operativo de Seguridad de Semana Santa 2026 para prevenir accidentes<\/p>\n<\/div><!-- .post-excerpt --><div class=\"bottom-meta clearfix\"><ul class=\"nav bottom-meta-list meta-left\"><li><div class=\"post-more\"><a class=\"read-more\" href=\"https:\/\/www.opb.gob.mx\/portal\/?p=29956\">Read More<\/a><\/div><\/li><\/ul><\/div><\/div><!-- .media-body --><\/div><!-- .media --><\/div><!-- .blog-inner --><\/div><!-- .col \/ .owl-carousel-item \/ .isotope --><\/div><!-- .row -->\t\t\t\r\n\t\t<\/div>\r\n\t\t\t\t<\/div>\n\t\t\t\t\t\t<\/div>\n\t\t\t\t\t<\/div>\n\t\t<\/div>\n\t\t\t\t\t\t\t\t<\/div>\n\t\t\t\t\t<\/div>\n\t\t<\/section>\n\t\t\t\t\t\t<\/div>\n\t\t\t\t\t<\/div>\n\t\t<\/div>\n\t\t\t\t\t\t\t\t<\/div>\n\t\t\t\t\t<\/div>\n\t\t<\/section>\n\t\t\t\t\t\t<\/div>\n\t\t\t\t\t\t<\/div>\n\t\t\t\t\t<\/div>\n\t\t","protected":false},"excerpt":{"rendered":"<p>Latest Notices From Goverment Notices November 8, 2019 Summer Rock Festival Tickets on Sale! Lorem Ipsum is simply dummy text of the printing and<\/p>\n","protected":false},"author":1,"featured_media":0,"parent":0,"menu_order":0,"comment_status":"closed","ping_status":"closed","template":"","meta":[],"_links":{"self":[{"href":"https:\/\/www.opb.gob.mx\/portal\/index.php?rest_route=\/wp\/v2\/pages\/12411"}],"collection":[{"href":"https:\/\/www.opb.gob.mx\/portal\/index.php?rest_route=\/wp\/v2\/pages"}],"about":[{"href":"https:\/\/www.opb.gob.mx\/portal\/index.php?rest_route=\/wp\/v2\/types\/page"}],"author":[{"embeddable":true,"href":"https:\/\/www.opb.gob.mx\/portal\/index.php?rest_route=\/wp\/v2\/users\/1"}],"replies":[{"embeddable":true,"href":"https:\/\/www.opb.gob.mx\/portal\/index.php?rest_route=%2Fwp%2Fv2%2Fcomments&post=12411"}],"version-history":[{"count":0,"href":"https:\/\/www.opb.gob.mx\/portal\/index.php?rest_route=\/wp\/v2\/pages\/12411\/revisions"}],"wp:attachment":[{"href":"https:\/\/www.opb.gob.mx\/portal\/index.php?rest_route=%2Fwp%2Fv2%2Fmedia&parent=12411"}],"curies":[{"name":"wp","href":"https:\/\/api.w.org\/{rel}","templated":true}]}}