{"id":15637,"date":"2020-09-29T17:35:07","date_gmt":"2020-09-29T17:35:07","guid":{"rendered":"http:\/\/www.opb.gob.mx\/portal\/?page_id=15637"},"modified":"2025-03-19T19:07:56","modified_gmt":"2025-03-19T19:07:56","slug":"mejora-regulatoria","status":"publish","type":"page","link":"https:\/\/www.opb.gob.mx\/portal\/?page_id=15637","title":{"rendered":"Mejora regulatoria"},"content":{"rendered":"\t\t<div data-elementor-type=\"wp-page\" data-elementor-id=\"15637\" class=\"elementor elementor-15637\" data-elementor-settings=\"[]\">\n\t\t\t\t\t\t<div class=\"elementor-inner\">\n\t\t\t\t\t\t\t<div class=\"elementor-section-wrap\">\n\t\t\t\t\t\t\t<section class=\"elementor-section elementor-top-section elementor-element elementor-element-0f08258 elementor-section-boxed elementor-section-height-default elementor-section-height-default\" data-id=\"0f08258\" data-element_type=\"section\">\n\t\t\t\t\t\t<div class=\"elementor-container elementor-column-gap-default\">\n\t\t\t\t\t\t\t<div class=\"elementor-row\">\n\t\t\t\t\t<div class=\"elementor-column elementor-col-100 elementor-top-column elementor-element elementor-element-62c401f\" data-id=\"62c401f\" data-element_type=\"column\">\n\t\t\t<div class=\"elementor-column-wrap elementor-element-populated\">\n\t\t\t\t\t\t\t<div class=\"elementor-widget-wrap\">\n\t\t\t\t\t\t<div class=\"elementor-element elementor-element-e728124 elementor-widget elementor-widget-text-editor\" data-id=\"e728124\" data-element_type=\"widget\" data-widget_type=\"text-editor.default\">\n\t\t\t\t<div class=\"elementor-widget-container\">\n\t\t\t\t\t<div class=\"elementor-text-editor elementor-clearfix\"><p>La Mejora Regulatoria es una pol\u00edtica p\u00fablica la cual consiste en establecer las\nbases para generar normas claras, de tr\u00e1mites y servicios simplificados, as\u00ed como\nde instituciones eficaces para su creaci\u00f3n y aplicaci\u00f3n, que se orientan en obtener\nel mayor valor de los recursos disponibles y del \u00f3ptimo funcionamiento de las\nactividades comerciales.\nEntre los objetivos de la mejora regulatoria municipal se incluyen:<\/p>\n\n        \n        <h4>Objetivos<\/h4>\n        <ul>\n            <li>Simplificar tr\u00e1mites y procedimientos: <b>Reducir la complejidad y el tiempo necesario.<\/b><\/li>\n            <li>Reducir costos y cargas administrativas: <b>Minimizar costos para empresas y ciudadanos.<\/b><\/li>\n            <li>Mejorar transparencia y predictibilidad: <b>Informaci\u00f3n clara y accesible.<\/b><\/li>\n            <li>Fomentar la competencia e innovaci\u00f3n: <b>Entorno favorable para el sector privado.<\/b><\/li>\n            <li>Proteger los derechos de los ciudadanos: <b>Regulaciones que aseguren bienestar.<\/b><\/li>\n        <\/ul>\n        \n        <h4>Beneficios<\/h4>\n        <ul>\n            <li>Mejora la competitividad: <b>Atrae inversiones y fomenta el crecimiento.<\/b><\/li>\n            <li>Reduce la corrupci\u00f3n: <b>Mayor transparencia y menos oportunidades de abuso.<\/b><\/li>\n            <li>Mejora la calidad de vida: <b>Un entorno m\u00e1s eficiente para todos.<\/b><\/li>\n        <\/ul>\n\n\n<h2>Normativas<\/h2>\n<div class=\"table-container\">\n    <table>\n        <thead>\n            <tr>\n                <th>#<\/th>\n                <th>Nombre<\/th>\n                <th>Enlace<\/th>\n            <\/tr>\n        <\/thead>\n        <tbody>\n            <tr>\n                <td>1<\/td>\n                <td>Constituci\u00f3n<\/td>\n                <td><a href=\"https:\/\/www.diputados.gob.mx\/LeyesBiblio\/pdf\/CPEUM.pdf\" target=\"_blank\">Ver documento<\/a><\/td>\n            <\/tr>\n            <tr>\n                <td>2<\/td>\n                <td>Ley de mejora regulatoria del estado de Quintana Roo y sus municipios<\/td>\n                <td><a href=\"https:\/\/transparencia.cancun.gob.mx\/uploads\/24\/28\/Ley%20De%20Mejora%20Regulatoria%20Del%20Estado%20De%20Quintana%20Roo%20Y%20Sus%20Municipios.pdf\" target=\"_blank\">Ver documento<\/a><\/td>\n            <\/tr>\n            <tr>\n                <td>3<\/td>\n                <td>Reglamento de mejora regulatoria para el municipio de Oth\u00f3n P. Blanco<\/td>\n                <td><a href=\"https:\/\/www.opb.gob.mx\/portal\/gaceta-municipal\/administracion\/pages\/ordenamientos\/documentos\/REGLAMENTO%20DE%20MEJORA%20REGULATORIA%20%20PARA%20EL%20MUNICIPIO%20DE%20OTH%C3%93N%20P.%20BLANCO.pdf\" target=\"_blank\">Ver documento<\/a><\/td>\n            <\/tr>\n            <tr>\n                <td>4<\/td>\n                <td>Ley general de mejora regulatoria<\/td>\n                <td><a href=\"https:\/\/www.diputados.gob.mx\/LeyesBiblio\/pdf\/LGMR_200521.pdf\" target=\"_blank\">Ver documento<\/a><\/td>\n            <\/tr>\n        <\/tbody>\n    <\/table>\n<\/div>\n\n<style>\n    .table-container {\n        width: 100%;\n        overflow-x: auto;\n    }\n    table {\n        width: 100%;\n        border-collapse: collapse;\n        margin-top: 20px;\n    }\n    th, td {\n        border: 1px solid #ddd;\n        padding: 10px;\n        text-align: left;\n    }\n    th {\n        background-color: #A10909; \/* Rojo PANTONE 7638 C *\/\n        color: white;\n    }\n    a {\n        color: #A10909;\n        text-decoration: none;\n        font-weight: bold;\n    }\n    a:hover {\n        text-decoration: underline;\n    }\n<\/style>\n\n<div class=\"button-table\">\n    <a href=\"https:\/\/www.opb.gob.mx\/protesta-ciudadana\/\" target=\"_blank\" class=\"btn\">C\u00e9dula de Protesta Ciudadana<\/a>\n    <a href=\"https:\/\/www.opb.gob.mx\/tramites\/\" target=\"_blank\" class=\"btn\">B\u00fasqueda de Tr\u00e1mites y Servicios<\/a>\n<\/div>\n\n<style>\n    .button-table {\n        display: flex;\n        justify-content: center;\n        gap: 15px;\n        margin-top: 20px;\n    }\n    .btn {\n        background-color: #A10909; \/* Rojo PANTONE 7638 C *\/\n        color: white;\n        text-decoration: none;\n        font-weight: bold;\n        padding: 12px 20px;\n        border-radius: 8px;\n        text-align: center;\n        transition: background 0.3s ease-in-out;\n        display: inline-block;\n    }\n    .btn:hover {\n        background-color: #800707; \/* Un rojo m\u00e1s oscuro para efecto hover *\/\n    }\n<\/style>\n<\/div>\n\t\t\t\t<\/div>\n\t\t\t\t<\/div>\n\t\t\t\t\t\t<\/div>\n\t\t\t\t\t<\/div>\n\t\t<\/div>\n\t\t\t\t\t\t\t\t<\/div>\n\t\t\t\t\t<\/div>\n\t\t<\/section>\n\t\t\t\t<section class=\"elementor-section elementor-top-section elementor-element elementor-element-0ad8f14 elementor-section-boxed elementor-section-height-default elementor-section-height-default\" data-id=\"0ad8f14\" data-element_type=\"section\">\n\t\t\t\t\t\t<div class=\"elementor-container elementor-column-gap-default\">\n\t\t\t\t\t\t\t<div class=\"elementor-row\">\n\t\t\t\t\t<div class=\"elementor-column elementor-col-100 elementor-top-column elementor-element elementor-element-7c00382\" data-id=\"7c00382\" data-element_type=\"column\">\n\t\t\t<div class=\"elementor-column-wrap elementor-element-populated\">\n\t\t\t\t\t\t\t<div class=\"elementor-widget-wrap\">\n\t\t\t\t\t\t<div class=\"elementor-element elementor-element-693bb6e elementor-widget elementor-widget-image\" data-id=\"693bb6e\" data-element_type=\"widget\" data-widget_type=\"image.default\">\n\t\t\t\t<div class=\"elementor-widget-container\">\n\t\t\t\t\t<div class=\"elementor-image\">\n\t\t\t\t\t\t\t\t\t\t<img width=\"768\" height=\"371\" src=\"https:\/\/www.opb.gob.mx\/portal\/wp-content\/uploads\/2021\/10\/2021-2024_png-768x371.png\" class=\"attachment-medium_large size-medium_large\" alt=\"\" loading=\"lazy\" srcset=\"https:\/\/www.opb.gob.mx\/portal\/wp-content\/uploads\/2021\/10\/2021-2024_png-768x371.png 768w, https:\/\/www.opb.gob.mx\/portal\/wp-content\/uploads\/2021\/10\/2021-2024_png-1536x742.png 1536w, https:\/\/www.opb.gob.mx\/portal\/wp-content\/uploads\/2021\/10\/2021-2024_png.png 1920w\" sizes=\"(max-width: 768px) 100vw, 768px\" \/>\t\t\t\t\t\t\t\t\t\t\t<\/div>\n\t\t\t\t<\/div>\n\t\t\t\t<\/div>\n\t\t\t\t\t\t<\/div>\n\t\t\t\t\t<\/div>\n\t\t<\/div>\n\t\t\t\t\t\t\t\t<\/div>\n\t\t\t\t\t<\/div>\n\t\t<\/section>\n\t\t\t\t\t\t<\/div>\n\t\t\t\t\t\t<\/div>\n\t\t\t\t\t<\/div>\n\t\t","protected":false},"excerpt":{"rendered":"<p>La Mejora Regulatoria es una pol\u00edtica p\u00fablica la cual consiste en establecer las bases para generar normas claras, de tr\u00e1mites y servicios simplificados, as\u00ed como de instituciones eficaces para su creaci\u00f3n y aplicaci\u00f3n, que se orientan en obtener el mayor valor de los recursos disponibles y del \u00f3ptimo funcionamiento de las actividades comerciales. Entre los<\/p>\n","protected":false},"author":1,"featured_media":0,"parent":0,"menu_order":0,"comment_status":"closed","ping_status":"closed","template":"","meta":[],"_links":{"self":[{"href":"https:\/\/www.opb.gob.mx\/portal\/index.php?rest_route=\/wp\/v2\/pages\/15637"}],"collection":[{"href":"https:\/\/www.opb.gob.mx\/portal\/index.php?rest_route=\/wp\/v2\/pages"}],"about":[{"href":"https:\/\/www.opb.gob.mx\/portal\/index.php?rest_route=\/wp\/v2\/types\/page"}],"author":[{"embeddable":true,"href":"https:\/\/www.opb.gob.mx\/portal\/index.php?rest_route=\/wp\/v2\/users\/1"}],"replies":[{"embeddable":true,"href":"https:\/\/www.opb.gob.mx\/portal\/index.php?rest_route=%2Fwp%2Fv2%2Fcomments&post=15637"}],"version-history":[{"count":23,"href":"https:\/\/www.opb.gob.mx\/portal\/index.php?rest_route=\/wp\/v2\/pages\/15637\/revisions"}],"predecessor-version":[{"id":29237,"href":"https:\/\/www.opb.gob.mx\/portal\/index.php?rest_route=\/wp\/v2\/pages\/15637\/revisions\/29237"}],"wp:attachment":[{"href":"https:\/\/www.opb.gob.mx\/portal\/index.php?rest_route=%2Fwp%2Fv2%2Fmedia&parent=15637"}],"curies":[{"name":"wp","href":"https:\/\/api.w.org\/{rel}","templated":true}]}}